{"id":1705,"date":"2015-12-23T22:05:47","date_gmt":"2015-12-23T21:05:47","guid":{"rendered":"https:\/\/tyvijiqi.cyon.site\/?page_id=1705"},"modified":"2025-03-10T17:18:13","modified_gmt":"2025-03-10T16:18:13","slug":"3-kapitel-christi-geburt-2","status":"publish","type":"page","link":"https:\/\/www.anikodrozdy.ch\/index.php\/joshua\/3-kapitel-christi-geburt-2\/","title":{"rendered":"3. Kapitel &#8211; Christi Geburt"},"content":{"rendered":"<p><span style=\"color: #000080;\">Aus dem Buch: Joshua Immanuel der Christus: Sein Leben auf Erden und seine Lehre<\/span><br \/>\n<span style=\"color: #000080;\">Dr. Stylianos Atteshlis \u2013 bekannt als Daskalos<\/span><br \/>\n<span style=\"color: #000080;\">Herausgeber: The Stoa Series P.O.Box 8347, 2020 Nicosia \u2013 ISBN 9963-8162-3-1<\/span><\/p>\n<h3><strong><span style=\"color: #000080;\">Christi Geburt<\/span><\/strong><\/h3>\n<p><img loading=\"lazy\" class=\"details-image alignright\" draggable=\"false\" src=\"https:\/\/www.anikodrozdy.ch\/wp-content\/uploads\/2015\/12\/20151225_133943_resized_1.jpg\" alt=\"\" width=\"313\" height=\"217\" \/><\/p>\n<p><span style=\"color: #000080;\">( Die Verk\u00fcndigung, Yioussouf erscheint ein Engel, Joshua Immanuels Geburt in Bethlehem, die drei K\u00f6nige, Verschw\u00f6rung des Herodes, Flucht von Bethlehem.)<\/span><\/p>\n<ol>\n<li><span style=\"color: #000080;\">Zwei Jahre sp\u00e4ter als Maria f\u00fcnfzehn Jahre alt war, erschien ihr w\u00e4hrend des Betens der Erzengel Gabriel.<\/span><\/li>\n<\/ol>\n<p>&nbsp;<\/p>\n<ol start=\"2\">\n<li><span style=\"color: #000080;\">Nach diesen Tagen wurde aber seine Frau Elisabeth guter Hoffnung; sie hielt sich f\u00fcnf Monate lang in tiefer Zur\u00fcckgezogenheit und dachte: \u201eSo hat der Herr an mir getan in der Zeit, die er dazu ersehen hat, meine Schmach bei den Menschen von mir hinweg zunehmen.\u201c Im sechsten Monat aber wurde der Engel Gabriel von Gott nach Galil\u00e4a in eine Stadt namens Nazareth gesandt zu einer Jungfrau, die mit einem Manne namens Yioussouf aus dem Hause Davids verlobt war; die Jungfrau hie\u00df Maria.<\/span><\/li>\n<\/ol>\n<ol start=\"3\">\n<li><span style=\"color: #000080;\">Als nun der Engel bei ihr eintrat, sagte er: \u201eSei gegr\u00fc\u00dft, du Begnadete: der Herr ist mit dir!\u201c Sie wurde \u00fcber diese Anrede best\u00fcrzt und \u00fcberlegte, was dieser Gru\u00df zu bedeuten habe. Da sagte der Engel zu ihr: \u201eF\u00fcrchte dich nicht, Maria, denn du hast Gnade bei Gott gefunden! Wisse wohl; du wirst guter Hoffnung werden und Mutter eines Sohnes, dem du den Namen Joshua geben sollst. Dieser wird gro\u00df sein und Sohn des H\u00f6chsten genannt werden, und Gott der Herr wird ihm den Thron seines Vaters Davids geben, und er wird als K\u00f6nig \u00fcber das Haus Yiacoubs in alle Ewigkeit herrschen, und sein K\u00f6nigtum wird kein Ende haben.\u201c<\/span><\/li>\n<\/ol>\n<ol start=\"4\">\n<li><em><span style=\"color: #000080;\">Da sagte Maria zum Engel: \u201eWie soll das m\u00f6glich sein? Ich wei\u00df doch von keinem Manne.\u201c Da gab der Engel ihr zur Antwort: \u201eHeiliger Geist wird \u00fcber dich kommen und die Kraft des H\u00f6chsten dich \u00fcberschatten; daher wird auch das Heilige, das geboren werden soll, Gottes Sohn genannt werden. Und nun vernimm: Elisabeth, deine Verwandte, ist ebenfalls trotz ihres hohen Alters mit einem Sohn gesegnet und steht jetzt schon im sechsten Monat, sie, die man unfruchtbar nennt, denn bei Gott ist kein Ding unm\u00f6glich.\u201c Da sagte Maria: \u201eSiehe, ich bin des Herrn Magd, mir geschehe nach deinem Wort!\u201c Damit schied der Engel von ihr. Lukas 1:24-38<\/span><\/em><\/li>\n<\/ol>\n<ol start=\"5\">\n<li><span style=\"color: #000080;\">Yioussouf hatte sich damals keine grossen Gedanken gemacht \u00fcber Shamaons Ank\u00fcndigung, dass die Weisse Taube der Himmel, Maria den Messias, den Sohn Gottes, durch unbefleckte Empf\u00e4ngnis geb\u00e4ren werde. Als Maria ihm selbst von ihrer Schwangerschaft berichtete, war er verwirrt.<\/span><\/li>\n<\/ol>\n<ol start=\"6\">\n<li><span style=\"color: #000080;\">Mit der Geburt Joshua Immanuels des Christus verhielt es sich so: Als seine Mutter Maria Yioussouf verlobt war, stellte sich heraus, noch ehe sie zusammengekommen waren, dass sie vom heiligen Geist guter Hoffnung war. Da fasste Yioussouf, der ein rechtschaffener Mann war und sich nicht in \u00fcblen Ruf bringen wollte, den Entschluss, sich, ohne Aufsehen zu erregen, von ihr loszusagen. Doch als er sich mit solchen Gedanken trug, siehe da erschien ihm der Engel des Herren im Traum und sagte zu ihm: \u201cYioussouf, Sohn Davids, trage keinerlei Bedenken, Maria als Ehefrau zu dir zu nehmen; denn das von ihr zu erwartende Kind stammt vom heiligen Geist.<\/span><\/li>\n<\/ol>\n<ol start=\"7\">\n<li><em><span style=\"color: #000080;\">Sie wird Mutter eines Sohnes werden, dem du den Namen Joshua geben sollst; denn er ist es, der sein Volk von ihren S\u00fcnden erretten wird.\u201c Dies alles ist aber geschehen, damit das Wort erf\u00fcllt w\u00fcrde, das der Herr durch den Propheten gesprochen hat, der da sagt: \u201eSiehe, eine Jungfrau ist schwanger und wird einen Sohn geb\u00e4ren, dem sie den Namen Immanuel geben wird, das heisst \u00fcbersetzt: \u201emit uns ist Gott\u201c.<\/span><\/em><\/li>\n<\/ol>\n<ol start=\"8\">\n<li><em><span style=\"color: #000080;\">Als Yioussouf dann aus dem Schlaf erwacht war, tat er, wie der Engel des Herrn ihm geboten hatte; nahm seine Gattin zu sich, erkannte sie aber nicht (wer sie war) bis sie einen Sohn geboren hatte; dem gab sie den Namen Joshua. vgl. Matth\u00e4us 1:18-25<\/span><\/em><\/li>\n<\/ol>\n<ol start=\"9\">\n<li><em><span style=\"color: #000080;\">Es begab sich aber in jenen Tagen, dass eine Verordnung vom Kaiser Augustus ausging, er solle eine Volksz\u00e4hlung im ganzen r\u00f6mischen Reich vorgenommen werden. Es war die erste Z\u00e4hlung, die zu der Zeit stattfand, als Qirinius Statthalter in Syrien war.<\/span><\/em><\/li>\n<\/ol>\n<ol start=\"10\">\n<li><em><span style=\"color: #000080;\">Da machten alle sich auf, um sich in die Listen eintragen zu lassen, ein jeder in seinem Ort. So zog denn auch Yioussouf von Galil\u00e4a aus der Stadt Nazateth nach Jud\u00e4a hinauf in die Stadt Davids, die Bethlehem heisst, weil er aus Davids Hause und Geschlecht stammte, um sich daselbst mit Maria, seiner jungen Ehefrau, die guter Hoffnung war, eintragen zu lassen. vgl. Lukas 2:1-5<\/span><\/em><\/li>\n<\/ol>\n<ol start=\"11\">\n<li><span style=\"color: #000080;\">Yioussouf und Maria ritten der Verordnung des Kaisers Augustus folgend nach Bethlehem, um sich eintragen zu lassen. Sie waren sehr m\u00fcde. Yioussouf konnte aber kein passendes Nachtlager finden, da alle Herbergen und H\u00e4user in Bethlehem \u00fcberf\u00fcllt waren. In der N\u00e4he der Stadt gab es jedoch eine gro\u00dfe H\u00f6hle, die ein Mann namens Nathaniel als Stall f\u00fcr zwei K\u00fche und eine Herde Schafe benutzte. In dieser milden Nacht hatten Nathaniel und seine Hirten die Tiere auf die Weiden gef\u00fchrt. Die H\u00f6hle war durch zwei an den W\u00e4nden befestigte Fackeln erleuchtet. Das Licht der Fackeln zog die Aufmerksamkeit Yioussoufs und Marias auf sich.<\/span><\/li>\n<\/ol>\n<ol start=\"12\">\n<li><span style=\"color: #000080;\">Yioussouf bereitete mit wollenen T\u00fcchern eine Schlafstelle f\u00fcr Maria in einer Ecke der H\u00f6hle neben einer leeren Krippe. Er fand zwei leere Eimer, nahm sie und ging zur Quelle um frisches Wasser zu holen. Als er mit den vollen Eimern zur\u00fcckkam, sa\u00df Maria mit dem neugeborenen Sohn in ihren Armen.<\/span><\/li>\n<\/ol>\n<ol start=\"13\">\n<li><span style=\"color: #000080;\">Maria hatte den Messias ohne irgendwelche menschliche Hilfe geboren, ohne Schmerzen und ohne die T\u00fccher zu beflecken. Sie wickelte ihr Gott-Kind in das wei\u00dfe Tuch, das eine Wei\u00dfe Taube der Himmel als Kopftuch tr\u00e4gt. Joshuas K\u00f6rper musste nicht gewaschen werden. Maria legte ihren Sohn auf saubere, wei\u00dfe T\u00fccher in die Krippe. Yioussouf wunderte sich sehr; er konnte es nicht verstehen, dass der Sohn Gottes in einer H\u00f6hle geboren werden konnte und nun in einer Krippe lag.<\/span><\/li>\n<\/ol>\n<ol start=\"14\">\n<li><span style=\"color: #000080;\">Nathaniel und seine Hirten kamen mit brennenden Fackeln zur\u00fcck und knieten vor der Krippe. Sie erz\u00e4hlten Josef und Maria von den Engeln, die ihnen beim Weiden der Tiere auf dem Felde die Geburt des Gottessohnes verk\u00fcndet hatten.<\/span><\/li>\n<\/ol>\n<ol start=\"15\">\n<li><em><span style=\"color: #000080;\">Nun waren Hirten in derselben Gegend auf freiem Felde und hielten in jener Nacht Wache bei ihrer Herde. Da trat ein Engel des Herrn zu ihnen, und die Herrlichkeit des Herrn um leuchtete sie, und sie gerieten in gro\u00dfe Furcht. Der Engel aber sagte zu ihnen: \u201eF\u00fcrchtet euch nicht, denn wisset wohl: ich verk\u00fcndige euch grosse Freude, die dem ganzen Volke widerfahren wird; denn euch ist heute ein Retter geboren, welcher ist Christus, der Herr, in der Stadt Davids.<\/span><\/em><\/li>\n<\/ol>\n<ol start=\"16\">\n<li><em><span style=\"color: #000080;\">Und dies sei ein Erkennungszeichen f\u00fcr euch: ihr werdet ein neugeborenes Kind finden, das in Windeln gewickelt ist und in einer Krippe liegt.\u201c Und pl\u00f6tzlich war bei dem Engel die Menge der himmlischen Heerscharen, die Gott priesen und mit den Worten: \u201eEhre sei Gott in der H\u00f6he und Frieden auf Erden und den Menschen ein Wohlgefallen!\u201c vgl. Lukas 2:8-14<\/span><\/em><\/li>\n<\/ol>\n<ol start=\"17\">\n<li><span style=\"color: #000080;\">Nathaniel bat Yioussouf und Maria, das Kind in sein nahe gelegenes Haus zu bringen. Maria folgte Yioussouf und Nathaniel mit ihrem Sohn in ihren Armen. Sie legte das Kind in eine Wiege, die einer Krippe \u00e4hnlich sah, im Eingang des Hauses. Die Hirten kehrten zu ihrer Herde zur\u00fcck. Nathaniel, Yioussouf und Maria waren ersch\u00f6pft und legten sich schlafen.<\/span><\/li>\n<\/ol>\n<ol start=\"18\">\n<li><span style=\"color: #000080;\">Nathaniel und Yioussouf wurden bei Tagesanbruch geweckt durch den Klang von Kamelglocken. Dann klopfte es an die T\u00fcr. Nathaniel \u00f6ffnete und bemerkte in seinem Hof drei K\u00f6nige mir ihrer Gefolgschaft sowie neun Kamele und drei Pferde.<\/span><\/li>\n<\/ol>\n<ol start=\"19\">\n<li><span style=\"color: #000080;\">Maharadscha Rama Tavaivahan stellte sich Yioussouf und Nathaniel vor und machte sie mit seinem Freund und Berater Chekhitana und dem armenischen K\u00f6nig Gaspar und seinem Gefolge bekannt. Der Beduinen-Shak trat vor und stellte sich und seine zwei Begleiter vor.<\/span><\/li>\n<\/ol>\n<ol start=\"20\">\n<li><span style=\"color: #000080;\">Der Maharadscha n\u00e4herte sich dem Kind, zog sein k\u00f6nigliches Purpurgewand aus und legte es um die Wiege. Dann zog er sein Schwert, hob seinen rechten Fu\u00df auf einen Hocker, dr\u00fcckte das Schwert gegen seinen Oberschenkel und brach es entzwei. Die beiden St\u00fccke des zerbrochenen Schwertes legte er neben die Wiege, in der das Gott-Kind lag, und sagte: \u201eMein Herr, zu deinen F\u00fcssen ist alle Macht und St\u00e4rke.\u201c Dann kniete er vor der Wiege und betete. Neben ihm kniete und betete auch Chekhitana. Nach dem Gebet stand der Maharadscha auf, schaute auf das Kind nieder und rief aus: \u201eHam-El-Khior!\u201c (Sanskrit: Ich sehe Gott). Von da an wurde Maharadscha Rama Tavaivahan Ham-El-Khior genannt.<\/span><\/li>\n<\/ol>\n<ol start=\"21\">\n<li><span style=\"color: #000080;\">Der Maharadscha winkte einen seiner Diener mit einer gro\u00dfen h\u00f6lzernen Kiste zu sich und legte sie der Jungfrau und Mutter zu F\u00fcssen, mit den Worten: \u201eGn\u00e4dige Frau, Mutter des Gottessohnes, nimm dieses Zeichen unserer Liebe an. Es ist Gold und du wirst es bald gut gebrauchen k\u00f6nnen.\u201c Zu Yioussouf sagte der Maharadscha: \u201eLieber Bruder, ihr m\u00fcsst heute noch vor Mittag diesen Ort verlassen. Bring den Sohn Gottes und seine Mutter weg von Bethlehem und f\u00fchre sie aus Pal\u00e4stina heraus. K\u00f6nig Herodes hat sich vorgenommen den K\u00f6nig der Himmel zu finden und zu t\u00f6ten.\u201c<\/span><\/li>\n<\/ol>\n<ol start=\"22\">\n<li><span style=\"color: #000080;\">Der armenische K\u00f6nig Gaspar und sein Vetter, Prinz Manushak, knieten vor dem Gott-Kind. Gaspar umklammerte die Wiege mit beiden H\u00e4nden und dr\u00fcckte seine Stirne dagegen. Er weinte und sagte: \u201eMein Herr, Sohn des Allm\u00e4chtigen, du hast uns mit deinem hellen Stern hierher gef\u00fchrt, auf dass wir uns vor deiner g\u00f6ttlichen Majest\u00e4t in Demut neigen. Mein Herr und Gott der Liebe, sei uns gn\u00e4dig. Sei der Menschheit gn\u00e4dig. Keine Kriege mehr, Herr. Kein Blutvergie\u00dfen mehr. Die Erde ist schon zu sehr mit Menschenblut getr\u00e4nkt. Lass keine Verschw\u00f6rungen mehr zu, Herr, kein Morden mehr. Ich habe meine Macht an meinen Zwillingsbruder Dirkan abgetreten und ich habe mich verpflichtet ihm zu dienen. F\u00fchre uns, oh Herr, zum Frieden.\u201c<\/span><\/li>\n<\/ol>\n<ol start=\"23\">\n<li><span style=\"color: #000080;\">Prinz Manushak nahm aus den H\u00e4nden eines Dieners ein Weihrauchgef\u00e4\u00df. Er f\u00fcllte es mit brennender Kohle, welche Nathaniel bereithielt, und legte Weihrauch darauf. Das Haus f\u00fcllte sich mit dem lieblichen, anregenden Duft. K\u00f6nig Gaspar schenkte der Jungfrau und Mutter eine Schachtel Weihrauch und einen Sack Gold.<\/span><\/li>\n<\/ol>\n<ol start=\"24\">\n<li><span style=\"color: #000080;\">Der Beduinen-Shak Baal-das-Aaussar ( Diener des Gottes Osiris) n\u00e4herte sich mit seinen Dienern der heiligen Familie, verbeugte sich vor dem Gott-Kind, verherrlichte Allah, (Gott der meisten Beduinen zurzeit Christi. Allaha = Aram\u00e4isch: Gott, Einzahl von Elohim den Einen Gott, den Gott ihres Vaters Ibrahim) den Einen Gott, den Gott ihres Vaters Ibrahim.<\/span><\/li>\n<\/ol>\n<ol start=\"25\">\n<li><span style=\"color: #000080;\">Die Pilger bestiegen ihre Pferde und Kamele und verlie\u00dfen Bethlehem. Yioussouf bedankte sich bei Nathaniel, folgte Maharadscha Ham-El-Khiors Rat und verlie\u00df Bethlehem heimlich. Yioussouf und Maria waren als Beduinen verkleidet. Shakh Baal-das-Aaussar (Balthasar) hatte ihnen Beduinenkleider geschenkt.<\/span><\/li>\n<\/ol>\n<p><span style=\"color: #000080;\">Aus dem Buch: Joshua Immanuel der Christus: Sein Leben auf Erden und seine Lehre<\/span><br \/>\n<span style=\"color: #000080;\"> Dr. Stylianos Atteshlis \u2013 bekannt als Daskalos<\/span><br \/>\n<span style=\"color: #000080;\"> Herausgeber: The Stoa Series P.O.Box 8347, 2020 Nicosia &#8211; ISBN 9963-8162-3-1<\/span><\/p>\n<p><span style=\"color: #008000;\"><a style=\"color: #008000;\" href=\"https:\/\/www.anikodrozdy.ch\/index.php\/joshua-kapitel\/1932-2\/\">4. Kapitel &#8211; Die heilige Familie in \u00c4gypten<\/a><\/span><\/p>\n","protected":false},"excerpt":{"rendered":"<p>Aus dem Buch: Joshua Immanuel der Christus: Sein Leben auf Erden und seine Lehre Dr. Stylianos Atteshlis \u2013 bekannt als Daskalos Herausgeber: The Stoa Series P.O.Box 8347, 2020 Nicosia \u2013 ISBN 9963-8162-3-1 Christi Geburt ( Die Verk\u00fcndigung, Yioussouf erscheint ein &hellip; <a href=\"https:\/\/www.anikodrozdy.ch\/index.php\/joshua\/3-kapitel-christi-geburt-2\/\">Weiterlesen <span class=\"meta-nav\">&rarr;<\/span><\/a><\/p>\n","protected":false},"author":1,"featured_media":0,"parent":8665,"menu_order":5,"comment_status":"closed","ping_status":"closed","template":"onecolumn-page.php","meta":[],"_links":{"self":[{"href":"https:\/\/www.anikodrozdy.ch\/index.php\/wp-json\/wp\/v2\/pages\/1705"}],"collection":[{"href":"https:\/\/www.anikodrozdy.ch\/index.php\/wp-json\/wp\/v2\/pages"}],"about":[{"href":"https:\/\/www.anikodrozdy.ch\/index.php\/wp-json\/wp\/v2\/types\/page"}],"author":[{"embeddable":true,"href":"https:\/\/www.anikodrozdy.ch\/index.php\/wp-json\/wp\/v2\/users\/1"}],"replies":[{"embeddable":true,"href":"https:\/\/www.anikodrozdy.ch\/index.php\/wp-json\/wp\/v2\/comments?post=1705"}],"version-history":[{"count":39,"href":"https:\/\/www.anikodrozdy.ch\/index.php\/wp-json\/wp\/v2\/pages\/1705\/revisions"}],"predecessor-version":[{"id":29921,"href":"https:\/\/www.anikodrozdy.ch\/index.php\/wp-json\/wp\/v2\/pages\/1705\/revisions\/29921"}],"up":[{"embeddable":true,"href":"https:\/\/www.anikodrozdy.ch\/index.php\/wp-json\/wp\/v2\/pages\/8665"}],"wp:attachment":[{"href":"https:\/\/www.anikodrozdy.ch\/index.php\/wp-json\/wp\/v2\/media?parent=1705"}],"curies":[{"name":"wp","href":"https:\/\/api.w.org\/{rel}","templated":true}]}}