{"id":1801,"date":"2015-12-24T19:50:16","date_gmt":"2015-12-24T18:50:16","guid":{"rendered":"https:\/\/tyvijiqi.cyon.site\/?page_id=1801"},"modified":"2021-09-07T09:27:08","modified_gmt":"2021-09-07T07:27:08","slug":"gebete-aus-aller-welt","status":"publish","type":"page","link":"https:\/\/www.anikodrozdy.ch\/index.php\/verschiedenes\/gebete-aus-aller-welt\/","title":{"rendered":"Gebete aus aller Welt"},"content":{"rendered":"<h3><\/h3>\n<p>&nbsp;<\/p>\n<h3><a href=\"https:\/\/www.anikodrozdy.ch\/wp-content\/uploads\/2015\/11\/Sonnenblume-Logo-2-Aniko.jpg\"><img loading=\"lazy\" class=\"wp-image-85 alignleft\" src=\"https:\/\/www.anikodrozdy.ch\/wp-content\/uploads\/2015\/11\/Sonnenblume-Logo-2-Aniko-300x296.jpg\" alt=\"Sonnenblume Logo Aniko\" width=\"52\" height=\"51\" srcset=\"https:\/\/www.anikodrozdy.ch\/wp-content\/uploads\/2015\/11\/Sonnenblume-Logo-2-Aniko-300x296.jpg 300w, https:\/\/www.anikodrozdy.ch\/wp-content\/uploads\/2015\/11\/Sonnenblume-Logo-2-Aniko-150x150.jpg 150w, https:\/\/www.anikodrozdy.ch\/wp-content\/uploads\/2015\/11\/Sonnenblume-Logo-2-Aniko.jpg 364w\" sizes=\"(max-width: 52px) 100vw, 52px\" \/><\/a><span style=\"color: #008000;\">\u00a0<a style=\"color: #008000;\" href=\"https:\/\/www.anikodrozdy.ch\/?s=Vergebung\">Vergebung<\/a>\u00a0\u00a0\u00a0 <a style=\"color: #008000;\" href=\"https:\/\/www.anikodrozdy.ch\/\">Startseite: Weisheiten f\u00fcr jeden Tag<\/a><\/span><\/h3>\n<h3><\/h3>\n<h3><strong><span style=\"color: #000080;\">Mach meine Schritte leicht auf dem Pfad des Lebens<\/span><\/strong><\/h3>\n<p><span style=\"color: #000080;\">O Gott, mein Vater,<br \/>\nmache meine Schritte auf dem Pfad<br \/>\ndes Lebens so leicht, wie sie sein d\u00fcrfen.<br \/>\nLass mich keinen Staub aufwirbeln,<br \/>\nsei es in Zorn oder Gier,<br \/>\nder meine Br\u00fcder und Schwestern blind macht.<br \/>\nMache meine Schritte leicht auf dem Pfad des Lebens.<br \/>\nMache mein Herz, o Gott, mein Vater,<br \/>\nzu einem kristallklaren Spiegel,<br \/>\nauf dass es Deine Liebe widerspiegelt \u2013<br \/>\nmeine Liebe \u2013 und meine Mitmenschen sich freuen m\u00f6gen.<br \/>\nAmen\u00a0 &#8211;\u00a0 <em>Daskalos<\/em><\/span><\/p>\n<p>&nbsp;<\/p>\n<p><img loading=\"lazy\" class=\"details-image alignleft\" draggable=\"false\" src=\"https:\/\/www.anikodrozdy.ch\/wp-content\/uploads\/2015\/12\/Franz-von-Assisi.jpg\" alt=\"\" width=\"291\" height=\"218\" \/><\/p>\n<p>&nbsp;<\/p>\n<h3 style=\"text-align: left;\"><\/h3>\n<h3 style=\"text-align: left;\"><\/h3>\n<h3 style=\"text-align: left;\"><\/h3>\n<h3 style=\"text-align: left;\"><\/h3>\n<h3 style=\"text-align: left;\"><\/h3>\n<h3 style=\"text-align: left;\"><span style=\"color: #000080;\"><strong>Gebet von Franz von Assisi<\/strong><\/span><\/h3>\n<p><span style=\"color: #000080;\">Herr, mach uns zu einem Werkzeug Deines Friedens:<\/span><br \/>\nw<span style=\"color: #000080;\">o Hass ist, lass uns Frieden bringen;<\/span><br \/>\n<span style=\"color: #000080;\">wo Beleidigung umgeht, lass uns f\u00fcr Verzeihung sorgen;<\/span><br \/>\n<span style=\"color: #000080;\">wo Zwietracht herrscht, lass uns Glauben vermitteln;<\/span><br \/>\n<span style=\"color: #000080;\">wo Irrtum ist, lass uns die Wahrheit sagen;<\/span><br \/>\n<span style=\"color: #000080;\">wo Verzweiflung qu\u00e4lt, lass uns Hoffnung wecken;<\/span><br \/>\n<span style=\"color: #000080;\">wo Traurigkeit l\u00e4hmt, lass uns Freude entfachen;<\/span><br \/>\n<span style=\"color: #000080;\">wo Dunkelheit herrscht, lass uns Licht entz\u00fcnden.<\/span><\/p>\n<p><span style=\"color: #000080;\">Herr, lass uns mehr danach streben,<\/span><br \/>\n<span style=\"color: #000080;\">dass wir tr\u00f6sten als dass wir getr\u00f6stet werden;<\/span><br \/>\n<span style=\"color: #000080;\">dass wir verstehen als das wir verstanden werden;<\/span><br \/>\n<span style=\"color: #000080;\">dass wir lieben als dass wir geliebt werden.<\/span><br \/>\n<span style=\"color: #000080;\">Denn:<\/span><br \/>\n<span style=\"color: #000080;\">Wer gibt, empf\u00e4ngt;<\/span><br \/>\n<span style=\"color: #000080;\">wer verzeiht, dem wird verziehen;<\/span><br \/>\n<span style=\"color: #000080;\">und wer stirbt, der lebt f\u00fcr das ewige Leben.\u00a0\u00a0\u00a0\u00a0\u00a0\u00a0\u00a0\u00a0\u00a0\u00a0\u00a0\u00a0\u00a0\u00a0\u00a0\u00a0\u00a0\u00a0\u00a0\u00a0\u00a0\u00a0\u00a0\u00a0\u00a0\u00a0\u00a0\u00a0\u00a0\u00a0\u00a0\u00a0\u00a0\u00a0\u00a0\u00a0\u00a0\u00a0\u00a0\u00a0\u00a0\u00a0\u00a0\u00a0\u00a0\u00a0\u00a0\u00a0\u00a0\u00a0\u00a0\u00a0\u00a0\u00a0\u00a0\u00a0\u00a0\u00a0\u00a0\u00a0\u00a0\u00a0\u00a0\u00a0\u00a0\u00a0\u00a0\u00a0\u00a0\u00a0\u00a0\u00a0\u00a0\u00a0\u00a0\u00a0\u00a0\u00a0\u00a0 Amen<br \/>\n<\/span><\/p>\n<p><a href=\"https:\/\/www.youtube.com\/watch?v=zYd3-kL-lj8\">Film \u00fcber das Leben von Franz von Assisi<\/a><\/p>\n<p>&nbsp;<\/p>\n<p><img loading=\"lazy\" class=\"details-image\" draggable=\"false\" src=\"https:\/\/www.anikodrozdy.ch\/wp-content\/uploads\/2015\/12\/20150924_151441_resized-e1450985115692.jpg\" alt=\"\" width=\"95\" height=\"136\" \/><\/p>\n<h3><span style=\"color: #000080;\"><strong>Paramahansa Yogananda betete das Vater unser folgenderma\u00dfen:<\/strong><\/span><\/h3>\n<p><span style=\"color: #000080;\">O Himmlischer Vater, Mutter, Freund, geliebter Gott! <\/span><br \/>\n<span style=\"color: #000080;\">M\u00f6gen wir nicht aufh\u00f6ren, schweigend Deinen heiligen Namen zu wiederholen, bis wir Dir immer \u00e4hnlicher werden. <\/span><br \/>\n<span style=\"color: #000080;\">Erf\u00fclle uns mit g\u00f6ttlicher Begeisterung, damit wir nicht mehr die Materie, <\/span><br \/>\n<span style=\"color: #000080;\">sondern nur noch Dich anbeten. <\/span><br \/>\n<span style=\"color: #000080;\">L\u00e4utere unsere Herzen, damit sich Dein Vollkommenes Reich durch uns auf Erden offenbare und alle V\u00f6lker von Ihrem Elend erl\u00f6st werden. <\/span><br \/>\n<span style=\"color: #000080;\">M\u00f6gen unsere befreiten Seelen auch nach au\u00dfen hin Gutes wirken. <\/span><br \/>\n<span style=\"color: #000080;\">St\u00e4rke unseren Willen, damit wir unsere weltlichen W\u00fcnsche \u00fcberwinden und stets im Einklang mit Deinem fehlerlosen Willen handeln. <\/span><br \/>\n<span style=\"color: #000080;\">Gib uns unser t\u00e4glich Brot: Nahrung, Gesundheit und Wohlergehen f\u00fcr den K\u00f6rper, Leistungsf\u00e4higkeit f\u00fcr den Geist und vor allem Deine Liebe und Deine Weisheit f\u00fcr unsere Seele. <\/span><br \/>\n<span style=\"color: #000080;\">Nach Deinem Gesetz &#8222;wird man uns mit dem Ma\u00df, mit dem wir messen, wieder messen.&#8220; M\u00f6gen wir allen, die uns kr\u00e4nken, vergeben und nie vergessen, dass wir selbst von Deiner Gnade abh\u00e4ngig sind. <\/span><br \/>\n<span style=\"color: #000080;\">Lass uns nicht durch den Missbrauch unserer gottgegebenen Vernunft in die Grube des Irrtums fallen. <\/span><br \/>\n<span style=\"color: #000080;\">Wenn es aber Dein Wille ist, O Geist, uns zu pr\u00fcfen, so mache Dich selbst verlockender als alle Versuchungen. <\/span><br \/>\n<span style=\"color: #000080;\">Hilf uns, die schattenhaften Fesseln des einzigen \u00dcbels abzuwerfen: in Unkenntnis Deiner selbst zu leben. <\/span><br \/>\n<span style=\"color: #000080;\">Denn Dein ist das Reich, und die Kraft, und die Herrlichkeit in Ewigkeit. <\/span><br \/>\n<span style=\"color: #000080;\">Amen<\/span><\/p>\n<h3><a href=\"https:\/\/www.anikodrozdy.ch\/wp-content\/uploads\/2015\/11\/Sonnenblume-Logo-2-Aniko.jpg\"><img loading=\"lazy\" class=\"wp-image-85 alignleft\" src=\"https:\/\/www.anikodrozdy.ch\/wp-content\/uploads\/2015\/11\/Sonnenblume-Logo-2-Aniko-300x296.jpg\" alt=\"Sonnenblume Logo Aniko\" width=\"71\" height=\"70\" srcset=\"https:\/\/www.anikodrozdy.ch\/wp-content\/uploads\/2015\/11\/Sonnenblume-Logo-2-Aniko-300x296.jpg 300w, https:\/\/www.anikodrozdy.ch\/wp-content\/uploads\/2015\/11\/Sonnenblume-Logo-2-Aniko-150x150.jpg 150w, https:\/\/www.anikodrozdy.ch\/wp-content\/uploads\/2015\/11\/Sonnenblume-Logo-2-Aniko.jpg 364w\" sizes=\"(max-width: 71px) 100vw, 71px\" \/><\/a><\/h3>\n<p>&nbsp;<\/p>\n<p><strong><span style=\"color: #000080;\">Gebet eines alten Schamanen<\/span><\/strong><\/p>\n<p><span style=\"color: #000080;\">Ich bin einsam, es ist Nacht, oh welche Finsternis.<\/span><br \/>\n<span style=\"color: #000080;\">Gibt es einen Gott?<\/span><br \/>\n<span style=\"color: #000080;\">Ja es muss einen geben!<\/span><br \/>\n<span style=\"color: #000080;\">Schick mir ein Zeichen, mein Gott!<\/span><br \/>\n<span style=\"color: #000080;\">Ich sitze hier am alten Baum und blicke in deinen Himmel.<\/span><br \/>\n<span style=\"color: #000080;\">Warum verdeckt der Mond sein Antlitz und scheint mir nicht?<\/span><br \/>\n<span style=\"color: #000080;\">Nicht ein Stern ist mein Trost.<\/span><br \/>\n<span style=\"color: #000080;\">Dein Himmel ist dunkel und meine Seele leidet.<\/span><br \/>\n<span style=\"color: #000080;\">Nur die rauhe Rinde von dem alten Baum tr\u00f6stet mich.<\/span><br \/>\n<span style=\"color: #000080;\">Einer seiner Zweige ber\u00fchrt mich.<\/span><br \/>\n<span style=\"color: #000080;\">Ja, es muss Gott geben, dass es solche Zeichen schickt!<\/span><br \/>\n<span style=\"color: #000080;\">Ja, es gibt ihn \u2013 in allen Formen,<\/span><br \/>\n<span style=\"color: #000080;\">in jedem Stein,<\/span><br \/>\n<span style=\"color: #000080;\">in jeder Blume,<\/span><br \/>\n<span style=\"color: #000080;\">in jedem Baum.<\/span><br \/>\n<span style=\"color: #000080;\">Mein Baum an dem ich sitze, ist barmherziger als die Menschen.<\/span><br \/>\n<span style=\"color: #000080;\">Er tr\u00f6stet mich.<\/span><br \/>\n<span style=\"color: #000080;\">Ja, Gott, DU bist in jedem Tier, in der ganzen Natur.<\/span><br \/>\n<span style=\"color: #000080;\">Es f\u00e4llt eine wilde Frucht vom Baum zu meinen F\u00fcssen:<\/span><br \/>\n<span style=\"color: #000080;\">Dein Zeichen, mein Gott; es ist DEIN Ja,<\/span><br \/>\n<span style=\"color: #000080;\">DEINE Antwort auf meine grenzenlose Verlassenheit.<\/span><br \/>\n<span style=\"color: #000080;\">Die K\u00e4lte kroch mir in dieser Nacht bis ins Mark.<\/span><br \/>\n<span style=\"color: #000080;\">Ich wache mit dem Gott, der Liebe ist, den Gott,<\/span><br \/>\n<span style=\"color: #000080;\">an den ich glaube, und f\u00fcr den ich sterbe.<\/span><br \/>\n<span style=\"color: #000080;\">Wenn der Sonne erster Strahl die Nacht durchdringt,<\/span><br \/>\n<span style=\"color: #000080;\">ist es schon beschlossen, ob ich lebe oder sterbe.<\/span><br \/>\n<span style=\"color: #000080;\">Doch DU, mein Gott, bist bei mir.<\/span><br \/>\n<span style=\"color: #000080;\">Mein Volk schl\u00e4ft.<\/span><br \/>\n<span style=\"color: #000080;\">Es hat mich immer allein gelassen,<\/span><br \/>\n<span style=\"color: #000080;\">doch DU warst immer bei mir.<\/span><br \/>\n<span style=\"color: #000080;\">Du hast mir immer geholfen,<\/span><br \/>\n<span style=\"color: #000080;\">wenn ich, der alte Schamane f\u00fcr mein Volk keinen Ausweg mehr sah. <\/span><br \/>\n<span style=\"color: #000080;\">Ich danke DIR. Amen<\/span><\/p>\n<h3><span style=\"color: #000080;\"><strong>Liebe die ganze Menschheit !<\/strong><br \/>\n<\/span><\/h3>\n<p><span style=\"color: #000080;\">Liebe die ganze Menschheit.<\/span><br \/>\n<span style=\"color: #000080;\">Hilf allen Lebewesen.<\/span><br \/>\n<span style=\"color: #000080;\">Sei gl\u00fccklich. Sei liebenswert.<\/span><br \/>\n<span style=\"color: #000080;\">Sei eine Quelle unersch\u00f6pflicher Freude.<\/span><br \/>\n<span style=\"color: #000080;\">Erkenne Gott und das Gute in jedem Gesicht.<\/span><br \/>\n<span style=\"color: #000080;\">Kein Heiliger ist ohne Vergangenheit,<\/span><br \/>\n<span style=\"color: #000080;\">kein S\u00fcnder ohne Zukunft.<\/span><\/p>\n<p><span style=\"color: #000080;\">Sprich Gutes \u00fcber jeden.<\/span><br \/>\n<span style=\"color: #000080;\">Kannst du f\u00fcr jemanden kein Lob finden\u2026<\/span><br \/>\n<span style=\"color: #000080;\">lass ihn aus deinem Leben gehen.<\/span><br \/>\n<span style=\"color: #000080;\">Sei originell. Sei erfinderisch.<\/span><br \/>\n<span style=\"color: #000080;\">Sei mutig \u2013 sch\u00f6pfe Mut,<\/span><br \/>\n<span style=\"color: #000080;\">immer und immer wieder.<\/span><br \/>\n<span style=\"color: #000080;\">Ahme nicht nach. Sei stark. <\/span><br \/>\n<span style=\"color: #000080;\">Sei aufrichtig.<\/span><br \/>\n<span style=\"color: #000080;\">Denke mit deinem eigenen Kopf. <\/span><br \/>\n<span style=\"color: #000080;\">Sei dich selbst.<\/span><\/p>\n<p><span style=\"color: #000080;\">Alle Vollkommenheit und Tugend Gottes sind in dir verborgen \u2013 offenbare sie.<\/span><br \/>\n<span style=\"color: #000080;\">Auch Weisheit ist bereits in dir \u2013 <\/span><br \/>\n<span style=\"color: #000080;\">schenke sie der Welt.<\/span><br \/>\n<span style=\"color: #000080;\">Lasse zu, dass die Gnade Gottes dich freimacht.<\/span><br \/>\n<span style=\"color: #000080;\">Lasse dein Leben das einer Rose sein,<\/span><br \/>\n<span style=\"color: #000080;\">schweigend spricht sie die Sprache des Duftes.\u00a0\u00a0\u00a0\u00a0\u00a0\u00a0\u00a0\u00a0\u00a0\u00a0\u00a0\u00a0\u00a0\u00a0\u00a0\u00a0\u00a0\u00a0\u00a0\u00a0\u00a0\u00a0\u00a0\u00a0\u00a0\u00a0\u00a0\u00a0\u00a0\u00a0\u00a0\u00a0\u00a0\u00a0\u00a0\u00a0\u00a0\u00a0\u00a0\u00a0\u00a0\u00a0\u00a0\u00a0\u00a0\u00a0\u00a0\u00a0\u00a0\u00a0\u00a0\u00a0\u00a0\u00a0\u00a0\u00a0\u00a0\u00a0\u00a0\u00a0\u00a0\u00a0\u00a0\u00a0\u00a0\u00a0\u00a0\u00a0\u00a0\u00a0\u00a0\u00a0 <em>1984 Sri Babaji<\/em><\/span><\/p>\n<p>&nbsp;<\/p>\n<h3><a href=\"https:\/\/www.anikodrozdy.ch\/wp-content\/uploads\/2015\/11\/Sonnenblume-Logo-2-Aniko.jpg\"><img loading=\"lazy\" class=\"wp-image-85 alignleft\" src=\"https:\/\/www.anikodrozdy.ch\/wp-content\/uploads\/2015\/11\/Sonnenblume-Logo-2-Aniko-300x296.jpg\" alt=\"Sonnenblume Logo Aniko\" width=\"57\" height=\"56\" srcset=\"https:\/\/www.anikodrozdy.ch\/wp-content\/uploads\/2015\/11\/Sonnenblume-Logo-2-Aniko-300x296.jpg 300w, https:\/\/www.anikodrozdy.ch\/wp-content\/uploads\/2015\/11\/Sonnenblume-Logo-2-Aniko-150x150.jpg 150w, https:\/\/www.anikodrozdy.ch\/wp-content\/uploads\/2015\/11\/Sonnenblume-Logo-2-Aniko.jpg 364w\" sizes=\"(max-width: 57px) 100vw, 57px\" \/><\/a><\/h3>\n<p><span style=\"color: #000080;\">Diese beiden Sanskrit Gebete habe ich in Indien gelernt und w\u00e4hrend vielen Jahren gesungen. Manchmal auch heute, wenn ich meinen Geist kl\u00e4ren will. Diese innewohnende Kraft f\u00fchrt mich in meine Kernmitte. <\/span><\/p>\n<p style=\"text-align: left;\"><span style=\"color: #000080;\"><strong>Gayatri Mantra<\/strong><\/span><\/p>\n<p style=\"text-align: left;\"><strong><span style=\"color: #000080;\">AUM BHUR BHUVAH SVAH<\/span><\/strong><\/p>\n<p style=\"text-align: left;\"><strong><span style=\"color: #000080;\">TAT SAVITUR VARENYAM<\/span><\/strong><br \/>\n<strong><span style=\"color: #000080;\">BHARGO DEVASAYA DIHIMAHE<\/span><\/strong><\/p>\n<p style=\"text-align: left;\"><strong><span style=\"color: #000080;\">DHIYO YO NAH PRACHODAYAT<\/span><\/strong><\/p>\n<p style=\"text-align: left;\"><span style=\"color: #000080;\">Gayatri ist ein universales Gebet, das nicht um Gnade und Vergebung bittet, sondern um einen klaren Intellekt, damit sich darin die Wahrheit ohne St\u00f6rung reflektieren kann. Das Gayatri ist in drei Abschnitte unterteilt. Der erste Abschnitt besteht aus:<\/span><\/p>\n<p style=\"text-align: left;\"><strong><span style=\"color: #000080;\">AUM BHUH BHUVAH SVAH<\/span><\/strong><br \/>\n<span style=\"color: #000080;\">Hier betrachtet der Singende die Herrlichkeit des Lichtes, das die drei Welten oder Erfahrungsbereiche erleuchtet. Der zweite Abschnitt illustriert den Ruhm, den Glanz und die Gnade, die aus jenem Licht fliessen:<\/span><\/p>\n<p style=\"text-align: left;\"><strong><span style=\"color: #000080;\">TAT SAVITUR VARENYAM<\/span><\/strong><br \/>\n<strong><span style=\"color: #000080;\">BHARGO DEVASAYA DIHIMAHE<\/span><\/strong><br \/>\n<span style=\"color: #000080;\">Der dritte Abschnitt ist ein Gebet um endg\u00fcltige Befreiung durch Erwachen der inneren Intelligenz, die das Universum als Licht durchdringt:<\/span><\/p>\n<p style=\"text-align: left;\"><strong><span style=\"color: #000080;\">DHIYO YO NAH PRACHODAYAT<\/span><\/strong><br \/>\n<span style=\"color: #000080;\">Der Singende wird durch das Mantra gereinigt und in einer Weise verwandelt; der Geist wird von allen Unreinheiten befreit.<\/span><\/p>\n<p style=\"text-align: left;\"><span style=\"color: #000080;\">1. <strong>Aum<\/strong> : Klang als die Grundlage der Sch\u00f6pfung, Brahman<\/span><br \/>\n<span style=\"color: #000080;\">2. <strong>Bhur<\/strong> : Die Erde, das Grobstoffliche<\/span><br \/>\n<span style=\"color: #000080;\">3. <strong>Bhuvah<\/strong> : Die Atmosph\u00e4re, der \u00c4ther, das Subtile<\/span><br \/>\n<span style=\"color: #000080;\">4. <strong>Svah<\/strong> : Der Himmel, der Bereich jenseits von Bhuvah, das Kausale<\/span><br \/>\n<span style=\"color: #000080;\">5. <strong>Tat<\/strong> : Steht f\u00fcr DAS. Die letzte Realit\u00e4t wird einfach nur als DAS bezeichnet, da sie jeder Beschreibung durch Sprache und Sprechen unzug\u00e4nglich ist.<\/span><br \/>\n<span style=\"color: #000080;\">6. <strong>Savitur<\/strong> : Steht f\u00fcr die Gottheit Savitri, die der Lebenskraft der Sonne gleicht.<\/span><br \/>\n<span style=\"color: #000080;\">7. <strong>Varenyam<\/strong> : Verehrung<\/span><br \/>\n<span style=\"color: #000080;\">8<strong>. Bhargo<\/strong> : Strahlen, Glanz, Erleuchtung<\/span><br \/>\n<span style=\"color: #000080;\">9. <strong>Devasya<\/strong> : G\u00f6ttliches Strahlen oder Gnade<\/span><\/p>\n<p><span style=\"color: #000080;\">Die verbleibenden Zeilen des Gebetes richten sich an die g\u00f6ttliche Mutter: \u201eOh g\u00f6ttliche Mutter! Unsre Herzen sind von Dunkelheit erf\u00fcllt. Nimm bitte diese Dunkelheit von uns weg und gib uns innere Erleuchtung.\u201c<\/span><\/p>\n<p><span style=\"color: #000080;\">Das Gayatri sollte gesungen werden, um den Geist zu reinigen, und wie die Sonnenstrahlen wird es die Dunkelheit aus eurem Inneren vertreiben. \u00d6ffnet eure Herzen und wiederholt das Mantra, und ihr werdet Erfolg im Leben haben. So wie ein Stamm einen Baum tr\u00e4gt, so tr\u00e4gt das Gayatri das menschliche System, und ohne sie w\u00e4re der Baum des Lebens ohne Saft. Wenn ihr die Gayatri singt und auch eure Eltern wie Gott verehrt, dann werden beide Wirkungen miteinander verschmelzen und in eurem Leben grosse Wirkung hervorrufen, indem euer Leben zu leuchten und zu strahlen beginnt.<\/span><\/p>\n<p><a href=\"https:\/\/de.wikipedia.org\/wiki\/Gayatri_Mantra\">https:\/\/de.wikipedia.org\/wiki\/Gayatri_Mantra<\/a><\/p>\n<p><span style=\"color: #000080;\"><strong>Asato Ma Sat GamayaAsato Ma<br \/>\n<\/strong><\/span><\/p>\n<p><span style=\"color: #000080;\">Asato Ma Sat GamayaAsato Ma<\/span><br \/>\n<span style=\"color: #000080;\"> Tamaso Ma Jyotir Gamaya<\/span><br \/>\n<span style=\"color: #000080;\"> Mrityor Maamritam Gamaya<\/span><\/p>\n<p><span style=\"color: #000080;\">Om &#8211; f\u00fchre mich vom Unwirklichen in das Wirkliche,<\/span><br \/>\n<span style=\"color: #000080;\"> von der Dunkelheit in das Licht,<\/span><br \/>\n<span style=\"color: #000080;\"> von der Sterblichkeit zur Unsterblichkeit.<\/span><\/p>\n<p><a href=\"https:\/\/de.wikipedia.org\/wiki\/Brihadaranyaka-Upanishad\">https:\/\/de.wikipedia.org\/wiki\/Brihadaranyaka-Upanishad<\/a><\/p>\n<h3><span style=\"color: #000080;\"><a style=\"color: #000080;\" href=\"https:\/\/www.anikodrozdy.ch\/wp-content\/uploads\/2015\/11\/Sonnenblume-Logo-2-Aniko.jpg\"><img loading=\"lazy\" class=\"wp-image-85 alignleft\" src=\"https:\/\/www.anikodrozdy.ch\/wp-content\/uploads\/2015\/11\/Sonnenblume-Logo-2-Aniko-300x296.jpg\" alt=\"Sonnenblume Logo Aniko\" width=\"71\" height=\"70\" srcset=\"https:\/\/www.anikodrozdy.ch\/wp-content\/uploads\/2015\/11\/Sonnenblume-Logo-2-Aniko-300x296.jpg 300w, https:\/\/www.anikodrozdy.ch\/wp-content\/uploads\/2015\/11\/Sonnenblume-Logo-2-Aniko-150x150.jpg 150w, https:\/\/www.anikodrozdy.ch\/wp-content\/uploads\/2015\/11\/Sonnenblume-Logo-2-Aniko.jpg 364w\" sizes=\"(max-width: 71px) 100vw, 71px\" \/><\/a><\/span><\/h3>\n<p>&nbsp;<\/p>\n<p>&nbsp;<\/p>\n<p><span style=\"color: #000080;\"><strong>Allumfassendes Gebet<\/strong> \u00a0\u00a0\u00a0&#8211; \u00a0\u00a0Sw\u0101mi Siv\u0101nanda<\/span><\/p>\n<p>&nbsp;<\/p>\n<p><span style=\"color: #000080;\">Oh anbetungsw\u00fcrdiger Gott voll Barmherzigkeit und Liebe,<\/span><\/p>\n<p><span style=\"color: #000080;\">Gru\u00df Dir, in Demut gebeugt.<\/span><\/p>\n<p><span style=\"color: #000080;\">Sein ist Dein Wesen, Wissen und Seligkeit.<\/span><\/p>\n<p><span style=\"color: #000080;\">Allgegenw\u00e4rtig bist Du, allm\u00e4chtig, allwissend.<\/span><\/p>\n<p><span style=\"color: #000080;\">Im Innern aller Wesen wohnst Du.<\/span><\/p>\n<p><span style=\"color: #000080;\">Gib uns ein verstehendes Herz, die rechte Einsicht,<\/span><\/p>\n<p><span style=\"color: #000080;\">ausgeglichenes Gem\u00fct, Vertrauen, Hingebung und Weisheit.<\/span><\/p>\n<p><span style=\"color: #000080;\">Lege in uns geistige Kraft, Versuchungen zu widerstehen,<\/span><\/p>\n<p><span style=\"color: #000080;\">und Denken und Wollen zu beherrschen.<\/span><\/p>\n<p><span style=\"color: #000080;\">Befreie uns von Selbstsucht, Gier, Zorn und Hass.<\/span><\/p>\n<p><span style=\"color: #000080;\">Erf\u00fclle unser Herz mit g\u00f6ttlichen Tugenden.<\/span><\/p>\n<p><span style=\"color: #000080;\">Lass uns Dich erschauen in all den Namen und Gestalten.<\/span><\/p>\n<p><span style=\"color: #000080;\">Lass uns Dir dienen in all den Namen und Gestalten.<\/span><\/p>\n<p><span style=\"color: #000080;\">Lass uns allezeit Deiner gedenken.<\/span><\/p>\n<p><span style=\"color: #000080;\">Lass uns stets Deine Herrlichkeit singen.<\/span><\/p>\n<p><span style=\"color: #000080;\">Lass Deinen Namen stets auf unseren Lippen sein.<\/span><\/p>\n<p><span style=\"color: #000080;\">Lass uns in Dir bleiben allezeit.<\/span><\/p>\n<p><span style=\"color: #000080;\">\u00a0<\/span><\/p>\n","protected":false},"excerpt":{"rendered":"<p>&nbsp; \u00a0Vergebung\u00a0\u00a0\u00a0 Startseite: Weisheiten f\u00fcr jeden Tag Mach meine Schritte leicht auf dem Pfad des Lebens O Gott, mein Vater, mache meine Schritte auf dem Pfad des Lebens so leicht, wie sie sein d\u00fcrfen. Lass mich keinen Staub aufwirbeln, sei &hellip; <a href=\"https:\/\/www.anikodrozdy.ch\/index.php\/verschiedenes\/gebete-aus-aller-welt\/\">Weiterlesen <span class=\"meta-nav\">&rarr;<\/span><\/a><\/p>\n","protected":false},"author":1,"featured_media":0,"parent":1799,"menu_order":0,"comment_status":"closed","ping_status":"closed","template":"onecolumn-page.php","meta":[],"_links":{"self":[{"href":"https:\/\/www.anikodrozdy.ch\/index.php\/wp-json\/wp\/v2\/pages\/1801"}],"collection":[{"href":"https:\/\/www.anikodrozdy.ch\/index.php\/wp-json\/wp\/v2\/pages"}],"about":[{"href":"https:\/\/www.anikodrozdy.ch\/index.php\/wp-json\/wp\/v2\/types\/page"}],"author":[{"embeddable":true,"href":"https:\/\/www.anikodrozdy.ch\/index.php\/wp-json\/wp\/v2\/users\/1"}],"replies":[{"embeddable":true,"href":"https:\/\/www.anikodrozdy.ch\/index.php\/wp-json\/wp\/v2\/comments?post=1801"}],"version-history":[{"count":47,"href":"https:\/\/www.anikodrozdy.ch\/index.php\/wp-json\/wp\/v2\/pages\/1801\/revisions"}],"predecessor-version":[{"id":15278,"href":"https:\/\/www.anikodrozdy.ch\/index.php\/wp-json\/wp\/v2\/pages\/1801\/revisions\/15278"}],"up":[{"embeddable":true,"href":"https:\/\/www.anikodrozdy.ch\/index.php\/wp-json\/wp\/v2\/pages\/1799"}],"wp:attachment":[{"href":"https:\/\/www.anikodrozdy.ch\/index.php\/wp-json\/wp\/v2\/media?parent=1801"}],"curies":[{"name":"wp","href":"https:\/\/api.w.org\/{rel}","templated":true}]}}