{"id":2323,"date":"2016-01-10T22:06:40","date_gmt":"2016-01-10T21:06:40","guid":{"rendered":"https:\/\/tyvijiqi.cyon.site\/?page_id=2323"},"modified":"2017-11-30T05:53:57","modified_gmt":"2017-11-30T04:53:57","slug":"humor","status":"publish","type":"page","link":"https:\/\/www.anikodrozdy.ch\/index.php\/verschiedenes\/humor\/","title":{"rendered":"Humor"},"content":{"rendered":"<p>&nbsp;<\/p>\n<p style=\"text-align: left;\"><span style=\"color: #000080;\">Aus der &#8222;Tierwelt&#8220; 21. Juni 2014<\/span><\/p>\n<p style=\"text-align: left;\"><span style=\"color: #000080;\"><strong>Kinder haben eine enge Beziehung zum Tier. Sie schreiben mit Begeisterung dar\u00fcber in Schulaufs\u00e4tzen. Da passiert so manch unfreiwillig witzige Stilbl\u00fcte.<\/strong><br \/>\n<\/span><\/p>\n<ul>\n<li><span style=\"color: #008000;\">Der Bienenstaat: Die Drohne ist dick und faul, denn sie ist m\u00e4nnlich.<\/span><\/li>\n<\/ul>\n<ul>\n<li style=\"text-align: left;\"><span style=\"color: #000080;\">Unsere H\u00e4sin hat seit drei Tagen Junge. Vorher hat sie ein sch\u00f6nes Nest gemacht aus Laub und Stroh. Dann hat sie sich die Haare aus dem Bauch gerupft und das Nest ausgepolstert. Welche Mutter w\u00fcrde das tun?<br \/>\n<\/span><\/li>\n<\/ul>\n<ul>\n<li style=\"text-align: left;\"><span style=\"color: #008000;\">Als unser Hund nachts zu bellen anfing, ging meine Mutter hinaus und stillte ihn. Die Nachbarn h\u00e4tten sich sonst aufgeregt.<\/span><\/li>\n<\/ul>\n<ul>\n<li style=\"text-align: left;\"><span style=\"color: #000080;\">Heute wird bei den K\u00fchen eine k\u00fcnstliche Befruchtung vorgenommen. Das ist praktisch und billiger, weil der Tierarzt, der den Stier ersetzt, gleich mehrere K\u00fche auf einmal hernehmen kann.<\/span><\/li>\n<\/ul>\n<ul>\n<li style=\"text-align: left;\"><span style=\"color: #008000;\">Die Schnecke ist m\u00e4nnlich und weiblich zugleich, je nachdem sie Lust hat.<\/span><\/li>\n<\/ul>\n<ul>\n<li style=\"text-align: left;\"><span style=\"color: #000080;\">Der Mann von der Kuh ist der Ochse. Er sieht genau so aus wie die Kuh, nur h\u00e4ngt unten keine Milch dran. Darum ist der Ochse auch kein S\u00e4ugetier. Der Ochse ist ein ganz b\u00f6ses Schimpfwort, das nur mein Vater sagen darf.<\/span><\/li>\n<\/ul>\n<ul>\n<li style=\"text-align: left;\"><span style=\"color: #008000;\">Die Kuh ist ein vielseitiges Tier: sie gibt Milch, Butter, K\u00e4se, Rahm und Kalbfleisch.<\/span><\/li>\n<\/ul>\n<ul>\n<li style=\"text-align: left;\"><span style=\"color: #000080;\">Die Schafe sind besonders n\u00fctzliche Tiere. Solange sie jung sind, dienen sie dem Essen, sp\u00e4ter macht man Pullover aus ihnen.<\/span><\/li>\n<\/ul>\n<ul>\n<li style=\"text-align: left;\"><span style=\"color: #008000;\">Als wir \u00fcber die Wiese gingen, galoppierte pl\u00f6tzlich ein Stier auf uns zu und wollte uns auf die H\u00f6rner nehmen. Wir rannten schreiend weg. Nur unsere Lehrerin blieb mutig stehen. Als der Stier sie erblickte, blieb er auf der Stelle stehen, sah sie an und rannte schnell wieder weg.<\/span><\/li>\n<\/ul>\n<p style=\"text-align: center;\"><strong><span style=\"color: #000080;\">Wilhelm Busch \u2013 Kritik des Herzens<\/span><\/strong><\/p>\n<p style=\"text-align: center;\"><span style=\"color: #000080;\">Fr\u00fcher, als ich unerfahren<\/span><br \/>\n<span style=\"color: #000080;\">Und bescheidener als heute,<\/span><br \/>\n<span style=\"color: #000080;\">Hatten meine h\u00f6chste Achtung<\/span><br \/>\n<span style=\"color: #000080;\">Andre Leute.<\/span><\/p>\n<p style=\"text-align: center;\"><span style=\"color: #000080;\">Sp\u00e4ter traf ich auf der Weide<\/span><br \/>\n<span style=\"color: #000080;\">Ausser mir noch mehrere K\u00e4lber,<\/span><br \/>\n<span style=\"color: #000080;\">Und nun sch\u00e4tz&#8216; ich, sozusagen,<\/span><br \/>\n<span style=\"color: #000080;\">Erst mich selber.<\/span><\/p>\n<p style=\"text-align: center;\"><a href=\"https:\/\/www.anikodrozdy.ch\/wp-content\/uploads\/2016\/06\/cropped-DSCN22921.jpg\"><img loading=\"lazy\" class=\"alignnone wp-image-7400\" src=\"https:\/\/www.anikodrozdy.ch\/wp-content\/uploads\/2016\/06\/cropped-DSCN22921-300x268.jpg\" alt=\"cropped-DSCN22921.jpg\" width=\"40\" height=\"40\" \/><\/a><\/p>\n<p style=\"text-align: center;\"><span style=\"color: #000080;\">Ach, ich f\u00fchl es! Keine Tugend<\/span><br \/>\n<span style=\"color: #000080;\">Ist so recht nach meinem Sinn;<\/span><br \/>\n<span style=\"color: #000080;\">Stets befind&#8216; ich mich am wohlsten,<\/span><br \/>\n<span style=\"color: #000080;\">Wenn ich damit fertig bin.<\/span><\/p>\n<p style=\"text-align: center;\"><span style=\"color: #000080;\">Dahingegen so ein Laster,<\/span><br \/>\n<span style=\"color: #000080;\">Ja, das macht mir viel Pl\u00e4sier;<\/span><br \/>\n<span style=\"color: #000080;\">Und ich hab&#8216; die h\u00fcbschen Sachen<\/span><br \/>\n<span style=\"color: #000080;\">Lieber vor als hinter mir.<\/span><\/p>\n<p style=\"text-align: center;\"><a href=\"https:\/\/www.anikodrozdy.ch\/wp-content\/uploads\/2016\/06\/cropped-DSCN22921.jpg\"><img loading=\"lazy\" class=\"alignnone wp-image-7400\" src=\"https:\/\/www.anikodrozdy.ch\/wp-content\/uploads\/2016\/06\/cropped-DSCN22921-300x268.jpg\" alt=\"cropped-DSCN22921.jpg\" width=\"40\" height=\"40\" \/><\/a><\/p>\n<p style=\"text-align: center;\"><span style=\"color: #000080;\">Wenn alles sitzenbliebe, was wir in Hass und Liebe <\/span><br \/>\n<span style=\"color: #000080;\">so voneinander schwatzen; <\/span><br \/>\n<span style=\"color: #000080;\">wenn L\u00fcgen Haare w\u00e4ren, <\/span><br \/>\n<span style=\"color: #000080;\">wir w\u00e4ren, rauh wie B\u00e4ren <\/span><br \/>\n<span style=\"color: #000080;\">und h\u00e4tten keine Glatzen. <\/span><\/p>\n<p style=\"text-align: center;\"><a href=\"https:\/\/www.anikodrozdy.ch\/wp-content\/uploads\/2016\/06\/cropped-DSCN22921.jpg\"><img loading=\"lazy\" class=\"alignnone wp-image-7400\" src=\"https:\/\/www.anikodrozdy.ch\/wp-content\/uploads\/2016\/06\/cropped-DSCN22921-300x268.jpg\" alt=\"cropped-DSCN22921.jpg\" width=\"40\" height=\"40\" \/><\/a><\/p>\n<p style=\"text-align: center;\"><strong><span style=\"color: #000080;\">Es sitzt ein Vogel auf dem Leim<\/span><\/strong><\/p>\n<p style=\"text-align: center;\"><span style=\"color: #000080;\">Es sitzt ein Vogel auf dem Leim,<\/span><br \/>\n<span style=\"color: #000080;\"> Er flattert sehr und kann nicht heim.<\/span><br \/>\n<span style=\"color: #000080;\"> Ein schwarzer Kater schleicht herzu,<\/span><br \/>\n<span style=\"color: #000080;\"> Die Krallen scharf, die Augen gluh.<\/span><br \/>\n<span style=\"color: #000080;\"> Am Baum hinauf und immer h\u00f6her<\/span><br \/>\n<span style=\"color: #000080;\"> Kommt er dem armen Vogel n\u00e4her.<\/span><\/p>\n<p style=\"text-align: center;\"><span style=\"color: #000080;\">Der Vogel denkt: Weil das so ist<\/span><br \/>\n<span style=\"color: #000080;\"> Und weil mich doch der Kater fri\u00dft,<\/span><br \/>\n<span style=\"color: #000080;\"> So will ich keine Zeit verlieren,<\/span><br \/>\n<span style=\"color: #000080;\"> Will noch ein wenig quinquilieren<\/span><br \/>\n<span style=\"color: #000080;\"> Und lustig pfeifen wie zuvor.<\/span><br \/>\n<span style=\"color: #000080;\"> Der Vogel, scheint mir, hat Humor.<\/span><\/p>\n<p style=\"text-align: center;\"><a href=\"https:\/\/www.anikodrozdy.ch\/wp-content\/uploads\/2016\/01\/cat.gif\"><img loading=\"lazy\" class=\"alignnone size-full wp-image-2591\" src=\"https:\/\/www.anikodrozdy.ch\/wp-content\/uploads\/2016\/01\/cat.gif\" alt=\"cat\" width=\"215\" height=\"116\" \/><\/a><\/p>\n<p style=\"text-align: center;\"><span style=\"color: #000080;\">Wilhelm Busch<\/span><\/p>\n<p style=\"text-align: center;\"><span style=\"color: #000080;\">Lachen hat nur<\/span><br \/>\n<span style=\"color: #000080;\">Einen Nachteil.<\/span><br \/>\n<span style=\"color: #000080;\">Es kann einem<\/span><br \/>\n<span style=\"color: #000080;\">Die ganze<\/span><br \/>\n<span style=\"color: #000080;\">Schlechte Laune verderben.<\/span><em><span style=\"color: #008000;\"><br \/>\n<\/span><\/em><\/p>\n","protected":false},"excerpt":{"rendered":"<p>&nbsp; Aus der &#8222;Tierwelt&#8220; 21. Juni 2014 Kinder haben eine enge Beziehung zum Tier. Sie schreiben mit Begeisterung dar\u00fcber in Schulaufs\u00e4tzen. Da passiert so manch unfreiwillig witzige Stilbl\u00fcte. Der Bienenstaat: Die Drohne ist dick und faul, denn sie ist m\u00e4nnlich. &hellip; <a href=\"https:\/\/www.anikodrozdy.ch\/index.php\/verschiedenes\/humor\/\">Weiterlesen <span class=\"meta-nav\">&rarr;<\/span><\/a><\/p>\n","protected":false},"author":1,"featured_media":0,"parent":1799,"menu_order":0,"comment_status":"closed","ping_status":"closed","template":"onecolumn-page.php","meta":[],"_links":{"self":[{"href":"https:\/\/www.anikodrozdy.ch\/index.php\/wp-json\/wp\/v2\/pages\/2323"}],"collection":[{"href":"https:\/\/www.anikodrozdy.ch\/index.php\/wp-json\/wp\/v2\/pages"}],"about":[{"href":"https:\/\/www.anikodrozdy.ch\/index.php\/wp-json\/wp\/v2\/types\/page"}],"author":[{"embeddable":true,"href":"https:\/\/www.anikodrozdy.ch\/index.php\/wp-json\/wp\/v2\/users\/1"}],"replies":[{"embeddable":true,"href":"https:\/\/www.anikodrozdy.ch\/index.php\/wp-json\/wp\/v2\/comments?post=2323"}],"version-history":[{"count":38,"href":"https:\/\/www.anikodrozdy.ch\/index.php\/wp-json\/wp\/v2\/pages\/2323\/revisions"}],"predecessor-version":[{"id":15273,"href":"https:\/\/www.anikodrozdy.ch\/index.php\/wp-json\/wp\/v2\/pages\/2323\/revisions\/15273"}],"up":[{"embeddable":true,"href":"https:\/\/www.anikodrozdy.ch\/index.php\/wp-json\/wp\/v2\/pages\/1799"}],"wp:attachment":[{"href":"https:\/\/www.anikodrozdy.ch\/index.php\/wp-json\/wp\/v2\/media?parent=2323"}],"curies":[{"name":"wp","href":"https:\/\/api.w.org\/{rel}","templated":true}]}}