{"id":2512,"date":"2016-01-15T13:28:26","date_gmt":"2016-01-15T12:28:26","guid":{"rendered":"https:\/\/tyvijiqi.cyon.site\/?page_id=2512"},"modified":"2025-03-10T17:04:39","modified_gmt":"2025-03-10T16:04:39","slug":"ueber-m","status":"publish","type":"page","link":"https:\/\/www.anikodrozdy.ch\/index.php\/ueber-m\/","title":{"rendered":"\u00dcber mich"},"content":{"rendered":"<p><strong><span style=\"color: #000080;\">Hajna &#8211; Anik\u00f3 &#8211; Aj\u00e1nd\u00e9k\u00a0 Drozdy<\/span><\/strong><\/p>\n<p><span style=\"color: #000080;\"> <a href=\"https:\/\/www.anikodrozdy.ch\/wp-content\/uploads\/2025\/03\/Foto-Aniko-fuer-Website-Maerz-2025_6.png\"><img loading=\"lazy\" class=\"wp-image-32994 size-thumbnail alignright\" src=\"https:\/\/www.anikodrozdy.ch\/wp-content\/uploads\/2025\/03\/Foto-Aniko-fuer-Website-Maerz-2025_6-150x150.png\" alt=\"\" width=\"150\" height=\"150\" \/><\/a>Am 23.3.1943 wurde ich in Budapest geboren und kam im Alter von viereinhalb Jahren durch das Rote Kreuz in die Schweiz, wo ich bei Pflegeeltern aufwuchs. Mein Vater wurde politisch verfolgt und floh nach Australien, wo er verstarb. Meine Mutter lebte mit meinen drei Schwestern hinter dem \u201eEisernen Vorhang\u201c unerreichbar f\u00fcr mich.<\/span><\/p>\n<p><a href=\"https:\/\/www.anikodrozdy.ch\/wp-content\/uploads\/2016\/01\/Scan0032.jpg\"><img loading=\"lazy\" class=\"wp-image-2799 alignright\" src=\"https:\/\/www.anikodrozdy.ch\/wp-content\/uploads\/2016\/01\/Scan0032-300x221.jpg\" alt=\"Scan0032\" width=\"274\" height=\"202\" srcset=\"https:\/\/www.anikodrozdy.ch\/wp-content\/uploads\/2016\/01\/Scan0032-300x221.jpg 300w, https:\/\/www.anikodrozdy.ch\/wp-content\/uploads\/2016\/01\/Scan0032.jpg 851w\" sizes=\"(max-width: 274px) 100vw, 274px\" \/><\/a><a href=\"https:\/\/www.anikodrozdy.ch\/wp-content\/uploads\/2016\/01\/Scan0034.jpg\"><img loading=\"lazy\" class=\"alignnone wp-image-2802\" src=\"https:\/\/www.anikodrozdy.ch\/wp-content\/uploads\/2016\/01\/Scan0034-300x227.jpg\" alt=\"Scan0034\" width=\"271\" height=\"205\" srcset=\"https:\/\/www.anikodrozdy.ch\/wp-content\/uploads\/2016\/01\/Scan0034-300x227.jpg 300w, https:\/\/www.anikodrozdy.ch\/wp-content\/uploads\/2016\/01\/Scan0034.jpg 826w\" sizes=\"(max-width: 271px) 100vw, 271px\" \/><\/a><\/p>\n<p><span style=\"color: #000000;\"><span style=\"color: #000080;\">Kindertransport\u00a0 Ungarn &#8211; Schweiz<\/span>\u00a0\u00a0\u00a0\u00a0\u00a0\u00a0\u00a0\u00a0\u00a0\u00a0\u00a0\u00a0\u00a0\u00a0\u00a0\u00a0\u00a0\u00a0\u00a0\u00a0\u00a0\u00a0\u00a0\u00a0\u00a0<\/span><\/p>\n<p><span style=\"color: #000080;\">Der Gegensatz meiner urspr\u00fcnglichen Heimat in Ungarn und meiner zweiten Heimat in der Schweiz war f\u00fcr mich wie auch f\u00fcr meine Pflegeeltern eine gro\u00dfe Herausforderung. \u00a0 Sie nahmen mich f\u00fcrsorglich auf und trotzdem f\u00fchlte ich mich je \u00e4lter ich wurde heimatlos, anders und unverstanden. <a href=\"https:\/\/www.anikodrozdy.ch\/wp-content\/uploads\/2016\/04\/Scan0020.jpg\"><img loading=\"lazy\" class=\"wp-image-4638 alignright\" src=\"https:\/\/www.anikodrozdy.ch\/wp-content\/uploads\/2016\/04\/Scan0020-300x192.jpg\" alt=\"Scan0020\" width=\"280\" height=\"179\" \/><\/a>Tiefe, schmerzhafte Auseinandersetzungen waren die Folge und r\u00fcttelten uns auf. Dessen ungeachtet konnte ich mein fr\u00f6hliches Naturel bewahren und liebte es, auf Menschen zuzugehen.<\/span><\/p>\n<p><span style=\"color: #000080;\">Meine tiefe kindliche Beziehung zu Gott und den Engeln gaben mir Halt und Zuversicht. Ich hatte tiefe Gespr\u00e4che mit &#8222;meinem lieben Gott.\u201c Er schenkte mir Seine Liebe und Geborgenheit.<\/span><\/p>\n<p><span style=\"color: #000080;\">Mit zwanzig Jahren konvertierte ich zum katholischen Glauben, obwohl ich die Hierarchie der Kirche ablehnte. In dieser Zeit besuchte ich das Lehrerinnenseminar, ein Internat, das von katholischen Schwestern gef\u00fchrt wurde. Die Stille in der Hauskapelle und der Duft des Weihrauchs taten meiner unruhigen Seele gut. Ich f\u00fchlte mich das erste Mal im Leben, als junger Mensch geborgen\u00a0 und einer Gemeinschaft zugeh\u00f6rend, dies gab mir Halt \u2013\u00a0 ich hatte ein St\u00fcck Heimat gefunden. Sp\u00e4ter absolvierte ich eine Ausbildung als Missionarin. Je tiefer ich mich mit dem Katechismus, der Bibel und der Institution Kirche besch\u00e4ftigte, desto mehr zeigten sich mir Widerspr\u00fcche, die sich mit meinem Gottesverst\u00e4ndnis nicht vereinbaren lie\u00dfen.<\/span><\/p>\n<p><span style=\"color: #000080;\">In meinem Herzen trug ich die Gewissheit, dass Gott nicht straft \u2013 wir strafen uns mit unserem Verhalten selbst. Da ich jedoch auf die zentralen Lebensfragen nirgends Antworten fand, trat ich die mir angebotene Stelle der Missionsarbeit an einer Schule auf der Insel Ile de R\u00e9union nicht an. \u00dcber\u00a0f\u00fcnfzehn Jahre\u00a0hinweg war ich &#8222;Atheistin.&#8220;<\/span><\/p>\n<p><span style=\"color: #000080;\">Immer schon wollte ich alles verstehen, erkennen, selber Erfahrungen machen und nicht einfach einen Glauben \u00fcbernehmen \u2013 und so begann ich wieder mein Leben bewusst nach meinen inneren Werten zu leben.<\/span><\/p>\n<p><span style=\"color: #000080;\"><a href=\"https:\/\/www.anikodrozdy.ch\/wp-content\/uploads\/2016\/04\/IMG_1021-3_resized_1.jpg\"><img loading=\"lazy\" class=\"wp-image-5094 alignleft\" src=\"https:\/\/www.anikodrozdy.ch\/wp-content\/uploads\/2016\/04\/IMG_1021-3_resized_1-172x300.jpg\" alt=\"IMG_1021-3_resized_1\" width=\"179\" height=\"312\" srcset=\"https:\/\/www.anikodrozdy.ch\/wp-content\/uploads\/2016\/04\/IMG_1021-3_resized_1-172x300.jpg 172w, https:\/\/www.anikodrozdy.ch\/wp-content\/uploads\/2016\/04\/IMG_1021-3_resized_1-587x1024.jpg 587w, https:\/\/www.anikodrozdy.ch\/wp-content\/uploads\/2016\/04\/IMG_1021-3_resized_1.jpg 837w\" sizes=\"(max-width: 179px) 100vw, 179px\" \/><\/a><\/span><span style=\"color: #000080;\"><a href=\"https:\/\/www.anikodrozdy.ch\/wp-content\/uploads\/2017\/02\/schweizerpass06.jpg\"><img loading=\"lazy\" class=\"wp-image-9380 alignright\" src=\"https:\/\/www.anikodrozdy.ch\/wp-content\/uploads\/2017\/02\/schweizerpass06.jpg\" alt=\"schweizerpass06\" width=\"114\" height=\"157\" \/><\/a>In meinem neunundzwanzigsten Lebensjahr endete meine Staatenlosigkeit (eine sehr schmerzhafte Geschichte). Ich erhielt den Schweizerpass &#8211;\u00a0 eine offizielle Heimatberechtigung! Dadurch f\u00fchlte ich mich endlich hier in der Schweiz als Mensch angenommen.<br \/>\n<\/span><\/p>\n<p>&nbsp;<\/p>\n<p><a href=\"https:\/\/www.anikodrozdy.ch\/wp-content\/uploads\/2020\/08\/20190429_131341-1-e1597121905760.jpg\"><img loading=\"lazy\" class=\"wp-image-25474 alignright\" src=\"https:\/\/www.anikodrozdy.ch\/wp-content\/uploads\/2020\/08\/20190429_131341-1-e1597121905760-300x182.jpg\" alt=\"\" width=\"241\" height=\"146\" srcset=\"https:\/\/www.anikodrozdy.ch\/wp-content\/uploads\/2020\/08\/20190429_131341-1-e1597121905760-300x182.jpg 300w, https:\/\/www.anikodrozdy.ch\/wp-content\/uploads\/2020\/08\/20190429_131341-1-e1597121905760-768x467.jpg 768w, https:\/\/www.anikodrozdy.ch\/wp-content\/uploads\/2020\/08\/20190429_131341-1-e1597121905760-1024x622.jpg 1024w\" sizes=\"(max-width: 241px) 100vw, 241px\" \/><\/a><\/p>\n<p><span style=\"color: #000080;\">Nach f\u00fcnfundzwanzig Jahren konnte sich mein gro\u00dfer Wunsch erf\u00fcllen, ich durfte das erste Mal\u00a0nach Budapest reisen, meine Schwestern umarmen und sie endlich kennen lernen.<\/span><\/p>\n<p>&nbsp;<\/p>\n<p><a href=\"https:\/\/www.anikodrozdy.ch\/wp-content\/uploads\/2016\/04\/flower-887443__180.jpg\"><img loading=\"lazy\" class=\"wp-image-4611 alignleft\" src=\"https:\/\/www.anikodrozdy.ch\/wp-content\/uploads\/2016\/04\/flower-887443__180.jpg\" alt=\"flower-887443__180\" width=\"234\" height=\"182\" \/><\/a><span style=\"color: #000080;\">Vor meinem vierzigsten Geburtstag befand ich mich wieder einmal in einer Sinnkrise. Die gr\u00f6\u00dfte Ver\u00e4nderung meines Lebens stand bevor. Aus meinem unendlichen Schmerz der Trauer heraus rief ich drau\u00dfen in einer dunklen Winternacht:\u00a0 \u201cWenn es Dich doch gibt Gott, so zeige dich mir!\u201c und da geschah es: Ich sp\u00fcrte W\u00e4rme in mir, die Trauer war weg, ein tiefer Frieden breitete sich in mir aus \u2013 ich befand mich in strahlendem Licht und f\u00fchlte eine unendlich grenzenlose Liebe in mir. Von da an sah ich die Welt mit anderen Augen. Diese unbeschreibliche Erfahrung brachte mir die tiefe innere Gewissheit: Gott ist in mir (in jedem Menschen) und ich wusste, Gott ist DIE LIEBE und DAS LEBEN selbst &#8211; ER\/ES ist allgegenw\u00e4rtig. Jetzt habe ich meine Heimat gefunden, sie ist in mir und seither f\u00fchle ich mich im Leben geborgen.<\/span><\/p>\n<p><span style=\"color: #000080;\"><a href=\"https:\/\/www.anikodrozdy.ch\/wp-content\/uploads\/2016\/02\/AAAAAAA-094_resized.jpg\"><img loading=\"lazy\" class=\"wp-image-2963 alignright\" src=\"https:\/\/www.anikodrozdy.ch\/wp-content\/uploads\/2016\/02\/AAAAAAA-094_resized-300x203.jpg\" alt=\"AAAAAAA 094_resized\" width=\"283\" height=\"192\" srcset=\"https:\/\/www.anikodrozdy.ch\/wp-content\/uploads\/2016\/02\/AAAAAAA-094_resized-300x203.jpg 300w, https:\/\/www.anikodrozdy.ch\/wp-content\/uploads\/2016\/02\/AAAAAAA-094_resized-1024x694.jpg 1024w, https:\/\/www.anikodrozdy.ch\/wp-content\/uploads\/2016\/02\/AAAAAAA-094_resized.jpg 1585w\" sizes=\"(max-width: 283px) 100vw, 283px\" \/><\/a> <\/span><\/p>\n<p><span style=\"color: #000080;\">Nach diesem Erlebnis stieg ich aus dem Berufsleben aus und f\u00fchrte ein einfaches, zur\u00fcckgezogenes Leben, meditierte t\u00e4glich viele Stunden und vertiefte mich in die Wahrheitsforschung.<\/span><\/p>\n<p><span style=\"color: #008000;\"><a style=\"color: #008000;\" href=\"https:\/\/www.anikodrozdy.ch\/index.php\/2020\/01\/15\/heute-16-1-richtungsaenderung-2\/\">Mein neues Leben<\/a><\/span><\/p>\n<p>&nbsp;<\/p>\n<p style=\"text-align: left;\"><a href=\"https:\/\/www.anikodrozdy.ch\/wp-content\/uploads\/2016\/04\/Scan0009.jpg\"><img loading=\"lazy\" class=\" wp-image-5096 alignleft\" src=\"https:\/\/www.anikodrozdy.ch\/wp-content\/uploads\/2016\/04\/Scan0009-300x209.jpg\" alt=\"Scan0009\" width=\"317\" height=\"221\" srcset=\"https:\/\/www.anikodrozdy.ch\/wp-content\/uploads\/2016\/04\/Scan0009-300x209.jpg 300w, https:\/\/www.anikodrozdy.ch\/wp-content\/uploads\/2016\/04\/Scan0009.jpg 968w\" sizes=\"(max-width: 317px) 100vw, 317px\" \/><\/a><span style=\"color: #000080;\">Die Suche nach der Wahrheit f\u00fchrte mich nach Indien. Dort gab ich auch Lehrerfortbildungskurse f\u00fcr ganzheitliches Lernen. Die vielen wertvollen Erfahrungen mit diesen wunderbaren Menschen und durch das Studium der verschiedensten heiligen Schriften, erkannte ich, dass ich meine Wurzeln in der christlichen Kultur habe.<\/span><\/p>\n<p><span style=\"color: #000080;\">1988\u00a0hatte ich das gro\u00dfe Gl\u00fcck, Dr. Stylianos Atteshlis (1912 \u2013 1995), den christlichen Mystiker und Heiler, kennenzulernen. Er lebte auf Zypern und ist bekannt als Daskalos, bedeutet auf Griechisch Lehrer. Im Zusammensein\u00a0 mit Daskalos fand ich einen Lehrer und Wissenden, bei dem ich zum ersten Mal die innere, spirituelle Substanz in einem Menschen wiederfand, nach der ich mich so lange gesehnt hatte.<br \/>\n<\/span><\/p>\n<p style=\"text-align: left;\"><span style=\"color: #000080;\"><a href=\"https:\/\/www.anikodrozdy.ch\/wp-content\/uploads\/2015\/11\/Daskalos-foto-002.jpg\"><img loading=\"lazy\" class=\"wp-image-119 alignleft\" src=\"https:\/\/www.anikodrozdy.ch\/wp-content\/uploads\/2015\/11\/Daskalos-foto-002-204x300.jpg\" alt=\"Dr. Stylianos Atteshlis Daskalos\" width=\"134\" height=\"197\" srcset=\"https:\/\/www.anikodrozdy.ch\/wp-content\/uploads\/2015\/11\/Daskalos-foto-002-204x300.jpg 204w, https:\/\/www.anikodrozdy.ch\/wp-content\/uploads\/2015\/11\/Daskalos-foto-002-696x1024.jpg 696w, https:\/\/www.anikodrozdy.ch\/wp-content\/uploads\/2015\/11\/Daskalos-foto-002.jpg 1043w\" sizes=\"(max-width: 134px) 100vw, 134px\" \/><\/a>Beeindruckend war, Daskalos Bescheidenheit und Liebe zu erleben, die er allen Menschen entgegenbrachte. Dankbar bin ich f\u00fcr die unz\u00e4hligen Gespr\u00e4che, die mich auf wesentliche Lebensfragen zu Antworten f\u00fchrten und dass ich viele Heilungen miterleben durfte.\u00a0<\/span><span style=\"color: #000080;\">1989 beauftragte mich Daskalos, Studienkreise im System der Wahrheitsforschung zu initiieren und zu leiten. Seit dieser Zeit widme ich mich mit Freude dieser Aufgabe.\u00a0\u00a0<\/span><span style=\"color: #000080;\"><span style=\"color: #008000;\"><a style=\"color: #008000;\" href=\"https:\/\/www.anikodrozdy.ch\/index.php\/ueber-m\/erste-begegnung-mit-daskalos\/\">Erste Begegnung mit Daskalos<\/a><\/span><\/span><\/p>\n<p style=\"text-align: left;\"><span style=\"color: #000080;\">Heute erf\u00fcllt es mich mit gro\u00dfer Dankbarkeit, in der Schweiz leben zu d\u00fcrfen, Menschen auf ihrem Weg und in schwierigen Lebenssituationen zu begleiten. Ich stehe frei im Leben, ohne einer Konfession\/Religion, Organisation oder Gemeinschaft anzugeh\u00f6ren.<\/span><\/p>\n<p style=\"text-align: left;\"><span style=\"color: #000080;\">Meine verschiedenen Ausbildungen in k\u00fcnstlerischen, p\u00e4dagogischen, handwerklich praktischen und heilerischen Bereichen waren auch ein Ausdruck meines Suchens, ein weiterer Teil des Weges zu mir Selbst. So wei\u00df ich aus meiner eigenen, reichen Lebenserfahrung, dass Krisen gro\u00dfe Chancen der Weiterentwicklung in sich bergen und helfen, sich selber zu finden.<\/span><\/p>\n<p style=\"text-align: left;\"><span style=\"color: #000080;\">Der Weltfrieden, von dem alle sprechen, beginnt im Denken und Herzen eines jeden Menschen, egal wo auf der Erde und in welcher Religion oder Kultur er lebt.<\/span><\/p>\n<p><span style=\"color: #000080;\"><a href=\"https:\/\/www.anikodrozdy.ch\/wp-content\/uploads\/2016\/01\/P4110055-e1454090465304.jpg\"><img loading=\"lazy\" class=\"wp-image-2864 alignright\" src=\"https:\/\/www.anikodrozdy.ch\/wp-content\/uploads\/2016\/01\/P4110055-e1454090465304-206x300.jpg\" alt=\"P4110055\" width=\"124\" height=\"180\" srcset=\"https:\/\/www.anikodrozdy.ch\/wp-content\/uploads\/2016\/01\/P4110055-e1454090465304-206x300.jpg 206w, https:\/\/www.anikodrozdy.ch\/wp-content\/uploads\/2016\/01\/P4110055-e1454090465304.jpg 312w\" sizes=\"(max-width: 124px) 100vw, 124px\" \/><\/a><\/span><\/p>\n<p style=\"text-align: left;\"><span style=\"color: #008000;\"><span style=\"color: #000080;\">Mehr \u00fcber mich:\u00a0<\/span><\/span> <span style=\"color: #008000;\">Clown Logo \u00fcbergibt:<\/span>\u00a0 <a style=\"color: #008000;\" href=\"https:\/\/www.anikodrozdy.ch\/index.php\/joshua-kapitel\/daskalos\/dieses-buch-ist-im-vatikan\/\">Ein Geschenk f\u00fcr den Papst<\/a><\/p>\n<p style=\"text-align: left;\"><span style=\"color: #008000;\"><a style=\"color: #008000;\" href=\"https:\/\/www.anikodrozdy.ch\/index.php\/friedensarbeit\/\">Mein Friedensbeitrag<\/a><\/span><span style=\"color: #000080;\"><span style=\"color: #008000;\">\u00a0 \u00a0\u00a0<a style=\"color: #008000;\" href=\"https:\/\/www.anikodrozdy.ch\/\">Weisheiten f\u00fcr jeden Tag <\/a><\/span><\/span><\/p>\n","protected":false},"excerpt":{"rendered":"<p>Hajna &#8211; Anik\u00f3 &#8211; Aj\u00e1nd\u00e9k\u00a0 Drozdy Am 23.3.1943 wurde ich in Budapest geboren und kam im Alter von viereinhalb Jahren durch das Rote Kreuz in die Schweiz, wo ich bei Pflegeeltern aufwuchs. Mein Vater wurde politisch verfolgt und floh nach &hellip; <a href=\"https:\/\/www.anikodrozdy.ch\/index.php\/ueber-m\/\">Weiterlesen <span class=\"meta-nav\">&rarr;<\/span><\/a><\/p>\n","protected":false},"author":1,"featured_media":0,"parent":0,"menu_order":0,"comment_status":"closed","ping_status":"closed","template":"onecolumn-page.php","meta":[],"_links":{"self":[{"href":"https:\/\/www.anikodrozdy.ch\/index.php\/wp-json\/wp\/v2\/pages\/2512"}],"collection":[{"href":"https:\/\/www.anikodrozdy.ch\/index.php\/wp-json\/wp\/v2\/pages"}],"about":[{"href":"https:\/\/www.anikodrozdy.ch\/index.php\/wp-json\/wp\/v2\/types\/page"}],"author":[{"embeddable":true,"href":"https:\/\/www.anikodrozdy.ch\/index.php\/wp-json\/wp\/v2\/users\/1"}],"replies":[{"embeddable":true,"href":"https:\/\/www.anikodrozdy.ch\/index.php\/wp-json\/wp\/v2\/comments?post=2512"}],"version-history":[{"count":302,"href":"https:\/\/www.anikodrozdy.ch\/index.php\/wp-json\/wp\/v2\/pages\/2512\/revisions"}],"predecessor-version":[{"id":32995,"href":"https:\/\/www.anikodrozdy.ch\/index.php\/wp-json\/wp\/v2\/pages\/2512\/revisions\/32995"}],"wp:attachment":[{"href":"https:\/\/www.anikodrozdy.ch\/index.php\/wp-json\/wp\/v2\/media?parent=2512"}],"curies":[{"name":"wp","href":"https:\/\/api.w.org\/{rel}","templated":true}]}}