{"id":29023,"date":"2022-05-27T23:15:30","date_gmt":"2022-05-27T21:15:30","guid":{"rendered":"https:\/\/www.anikodrozdy.ch\/?page_id=29023"},"modified":"2025-03-10T17:33:26","modified_gmt":"2025-03-10T16:33:26","slug":"29-kapitel-die-verschwoerung-der-sanhedrin","status":"publish","type":"page","link":"https:\/\/www.anikodrozdy.ch\/index.php\/joshua\/29-kapitel-die-verschwoerung-der-sanhedrin\/","title":{"rendered":"29. Kapitel: Die Verschw\u00f6rung, der Sanhedrin"},"content":{"rendered":"<p><span style=\"color: #000080;\"><em>F\u00fcrchtet euch nicht vor denen, die wohl den Leib t\u00f6ten, aber die Seele nicht t\u00f6ten verm\u00f6gen. <\/em><\/span><span style=\"color: #000080;\"><em>(Matth\u00e4us 10:28)<\/em><\/span><\/p>\n<p><span style=\"color: #000080;\">Der Sanhedrin war die h\u00f6chste und m\u00e4chtigste religi\u00f6se Beh\u00f6rde der Israeliten in Pal\u00e4stina. Er setzte sich aus drei\u00dfig Rayis Rabbis zusammen. Sie waren Pharis\u00e4er und Schriftgelehrte, die vom vorsitzenden Rayis Rabbi pers\u00f6nlich ausgew\u00e4hlt worden waren. F\u00fcnfundzwanzig dieser Rayis Rabbis waren Berater, f\u00fcnf waren Richter. Der Sanhedrin folgte strikt dem Mosaischen Gesetz, nach der Schrift und nach der \u00dcberlieferung, &#8211; insbesondere, wenn es seinen Zwecken diente.<\/span><\/p>\n<p><span style=\"color: #000080;\">Die Richter des Sanhedrin hatten die Macht, \u00fcber Israeliten, die gegen das Mosaische Gesetzt verstie\u00dfen, die Todesstrafe \u2013 durch den Strang, durch Steinigung oder Kreuzigung \u2013 zu verh\u00e4ngen. F\u00fcnfzig Srafvollzieher waren ernannt. Sie hatten die Urteile der Richter zu vollziehen.<\/span><\/p>\n<p><span style=\"color: #000080;\">K\u00f6nig Herodes hatte dem Sanhedrin hundert bewaffnete M\u00e4nner. Schwert- und Speertr\u00e4ger, \u00fcberlassen, die unter der Befehlsgewalt des Sanhedrins standen.<\/span><\/p>\n<p><span style=\"color: #000080;\">Der Sanhedrin hatte seine Spione \u00fcberall, sogar im K\u00f6nigspalast und im Palast des r\u00f6mischen Statthalters. Die Spione lieferten schriftliche Berichte \u00fcber alle Vorkommnisse, die ihnen verd\u00e4chtig erschienen. Fast alle Israelitischen Rabbis waren Spione. Die Essener, welche der Sanhedrin als Ketzer betrachtete waren eine bevorzugte Zielscheibe und litten schwer. Der r\u00f6mische Statthalter hatte seine eigenen Spione, zumeist Griechen und Israeliten, in ganz Pal\u00e4stina.<\/span><\/p>\n<p><span style=\"color: #000080;\">(Seite 170) Am Tage nachdem Joshua Eliezar von den Toten auferweckt hatte, berichtete der Israelitische Rabbi, der Augenzeuge des Wunders geworden war, dem Sanhedrin den Vorfall in allen Einzelheiten.<\/span><\/p>\n<p><span style=\"color: #000080;\">Kaiaphas, der vorsitzende der Rayis Rabbis des Sanhedrin, las den Bericht mit zunehmender Wut. Er hatte schon zu viele \u00e4hnliche Berichte \u00fcber die Lehren und das Heilen dieses Essener Rabbi Joshua gesehen. Er berief noch am gleichen Tag eine Sitzung des Sanhedrins ein.<\/span><\/p>\n<p><span style=\"color: #000080;\">Unf\u00e4hig, seinen schwelenden Zorn zu verbergen, stand Kaiaphas auf und sagte zu den Beratern und Richtern: \u201eEhrw\u00fcrdige Rayis Rabbis, dieser junge Essener Joshua wird ein echter Dorn in unserer Seite und er stellt f\u00fcr unsere Pl\u00e4ne eine ernsthafte Gefahr dar. Vor zwei Tagen hat dieser ketzerische Rabbi, der Diener des Erzd\u00e4mons Beelzebub, in Bethania den toten K\u00f6rper von Eliezar aus dem Grab, in dem er schon vier Tage gelegen hatte, auferstehen lassen. Eliezars Tod war ganz bestimmt Alahas Wille. Mit Beelzebubs Vollmacht und Einverst\u00e4ndnis hat er die Seele von Eliezar Aus Gehenna (H\u00f6lle) zur\u00fcckgerufen.<\/span><\/p>\n<p><span style=\"color: #000080;\">Das ist nicht sein erstes Vergehen. Dieser verfluchte Erzd\u00e4mon hat schon andere Seelen aus Gehenna zur\u00fcckgerufen. Ich habe hier einen detaillierten Bericht von unserem Rabbi in Nain, der einen toten Jungen zum Begr\u00e4bnis begleitete, als sich dieser Joshua einmischte. In panischer Angst h\u00f6rte der Mann, wie der Essener Rabbi der Seele des Jungen befahl, in den K\u00f6per zur\u00fcckzukommen. Und ihr habt von der Tochter Ja\u00efrus, des Vorstehers unserer Synagoge in Yerushalayim, geh\u00f6rt, die auf gottlose Weise vom Tode zur\u00fcckgeholt wurde. Wenn der Wille Alahas den Tod einer Person bestimmt, mit welchem Recht bricht dieser Erzd\u00e4mon Alahas Gesetz?<\/span><\/p>\n<p><span style=\"color: #000080;\">Es ist f\u00fcr uns nichts Neues, dass er den D\u00e4monen Befehle erteilt. Wir haben viele Berichte, wonach er den D\u00e4monen Befehle erteilt. Wir haben viele Berichte, wonach er den D\u00e4monen befiehlt, die von ihnen Besessenen zu verlassen. Vor vierzehn Jahren, als mein Schwiegervater, der Rayis Rabbi Annas, den Vorsitz \u00fcber den Sanhedrin f\u00fchrte, hat er von einem Fall geh\u00f6rt, der sich im Lande der Gadarener zutrug. Dieser Erzd\u00e4mon hatte einer Legion von D\u00e4monen befohlen, den K\u00f6rper eines Besessenen zu verlassen und in eine Herde Schweine einzugehen. Eine gro\u00dfe Zahl der Schweine, die nicht gewillt waren, die D\u00e4monen in Ihren K\u00f6rpern aufzunehmen, sprang \u00fcber eine Klippe in den See und ertr\u00e4nken.<\/span><\/p>\n<p><span style=\"color: #000080;\">Die Besitzer der Schweine waren emp\u00f6rt. Einige von euch werden sich erinnern, dass wir uns damals entschlossen hatten, uns dieses Mannes zu entledigen. Die Richter hatten einstimmig zugestimmt, die Vollstrecker beauftragt, ihn heimlich zu verhaften und zu Tode zu steinigen. F\u00fcnfzehn unserer M\u00e4nner verhafteten ihn in Nazareth, wo er damals lebte und behauptete, Alahas Sohn zu sein. Er war einfach entschwunden, als sie ihn \u00fcber die Klippe werfen wollten, Kurz darauf hatte er Nazareth verlassen und lebt seither in K\u2019far Nahum.<\/span><\/p>\n<p><span style=\"color: #000080;\">Zugegeben, er ist ein sehr erfolgreicher Heiler; es ist jedoch nur seine Macht \u00fcber die D\u00e4monen, die diese Wunder bewirkt. Wir haben aber ein noch viel ernsteres Problem und es betrifft seine Lehren. Sie stellen eine echte Gefahr f\u00fcr unsere Pl\u00e4ne dar, die R\u00f6mer eines Tages aus diesem heiligen Ort zu vertreiben. Wir kennen die R\u00f6mer, sie sind unsere Feinde, Eindringlinge und arrogante Eroberer. Er behauptet jedoch, dass sie unsere Br\u00fcder sind, Kinder Alahas. Der Mann ist verr\u00fcckt. Unsere Spione fragen ihn, ob es richtig und gerecht sei, C\u00e4sar Steuern zu zahlen, und er antwortet hinterlistig, wir sollen unser Geld, das C\u00e4sar zusteht, C\u00e4sar geben und Alaha, was Alaha zusteht.<\/span><\/p>\n<p><span style=\"color: #000080;\">Er lehrt \u2013 ich habe es schriftlich von unseren Spionen:&lt;Liebet jene, die sich eure Feinde nennen&gt;, als ob er keine Feinde h\u00e4tte. &lt;Wer dich auf die Wange schl\u00e4gt&gt;, sagt er, &lt;dem halte auch die andere hin&gt;. Ist dies nur Wahnsinn? Verlangt er damit nicht unsere Unterwerfung unter die r\u00f6mische Obrigkeit?<\/span><\/p>\n<p><span style=\"color: #000080;\">Er hat dem Diener eines r\u00f6mischen Zenturios in K\u2019far Nahum geheilt. Der Zenturio, unser Feind, hat sich als Freund der Israeliten ausgegeben. Er hat ihnen sogar eine Synagoge in einem Dorf in der N\u00e4he von K\u2019far Nahum gebaut und selbstverst\u00e4ndlich haben sich die dummen Fische k\u00f6dern lassen.<\/span><\/p>\n<p><span style=\"color: #000080;\">Dieser Joshua hat viele R\u00f6mer geheilt. Am Tage bevor er Eliezar von den Toten auferweckte, heilte er einen r\u00f6mischen Edelmann, der wegen eines Schlangenbisses im Sterben lag. Die Ehefrau des r\u00f6mischen Statthalters und ihre Nichte und ihr Neffe waren dabei. Sie k\u00fcssten seine Hand und erhielten seinen Segen. Er sprach zu ihnen auf Lateinisch, so dass der Diener, unser Spion, kein Wort verstehen konnte.<\/span><\/p>\n<p><span style=\"color: #000080;\">Er nennt sich Mshiha und Beni Alaha und die Essener glauben ihm. Stellt euch die Frage, k\u00f6nnte unser Mshiha, der Erwartete, ein ketzerischer Essener sein? Und doch folgen ihm viele Israeliten nach, weil sie die Wunder gesehen haben, die er wirkt, und glauben wie die Essener, dass er der Mshiha, ein Mann Alahas sei.<\/span><\/p>\n<p><span style=\"color: #000080;\">(Seite 171) Dieser junge Essener Rabbi, dieser Erzd\u00e4mon, ist f\u00fcr unsere Pl\u00e4ne eine ernsthafte Gefahr. Wir m\u00fcssen uns seiner so rasch wie m\u00f6glich entledigen. Ich werde euch sehr bald wieder zusammenrufen, damit wir unser Vorgehen planen. Ich denke, dass wir ihn kreuzigen sollten. Und ich denke, dass wir auch Eliezar still und heimlich t\u00f6ten m\u00fcssen. Diese Sitzung muss unter uns geheim gehalten bleiben. Wir wollen ihn nicht verscheuchen, ehe wir ihn verhaften. Gibt es Einw\u00e4nde gegen meinen Beschluss, diesen Feind unserer Sache zu zerst\u00f6ren?\u201c<\/span><\/p>\n<p><span style=\"color: #000080;\">Es gab keine Einw\u00e4nde. Alle Richter waren mit Kaiaphas einverstanden und der gr\u00f6\u00dfte Teil der Berater auch, obwohl einige ihr Einverst\u00e4ndnis nur durch Stillschweigen gaben. Am n\u00e4chsten Tag kam einer der Berater des Sanhedrin, ein gutherziger Rayis Rabbi, ein Freund des Essener Rayis Rabbi Ephraim heimlich in der Dunkelheit in das Essener Bistum. Ein Jahr zuvor hatte Joshua seinen Bruder von Epilepsie und L\u00e4hmungserscheinungen, unter denen er viele Jahre gelitten hatte, geheilt. Joshua hatte auch seine Schwester von einer chronischen und sehr schmerzhaften Hautkrankheit geheilt.<\/span><\/p>\n<p><span style=\"color: #000080;\">In Joshuas Gegenwart erz\u00e4hlte der israelitische Rayis Rabbi, was in der Sitzung des Sanhedrin zur Sprache gekommen war. \u201eEhrw\u00fcrdiger Rayis Rabbi Ephraim\u201c, sagte er, \u201emein lieber Freund, und auch du, mein lieber Joshua. Ich bin gekommen, um euch zu warnen. Das Leben von Joshua und das Leben von Eliezar sind in gro\u00dfer Gefahr. Lieber Joshua, letztes Jahr hast du meinen Bruder und meine Schwester vollst\u00e4ndig geheilt. Beide sind bei guter Gesundheit. Ich k\u00f6nnte nicht l\u00e4nger ruhig leben, wenn ich es unterlassen h\u00e4tte, dich rechtzeitig vor der Verschw\u00f6rung gegen dich zu warnen, um dir und Eliezar Zeit zum Fliehen zu geben.<\/span><\/p>\n<p><span style=\"color: #000080;\">Kaiaphas ist ein grausamer und unbarmherziger Mann. Nicht nur Essener, auch viele Israeliten haben unter ihm gelitten. Viele r\u00f6mische Soldaten und pers\u00f6nliche Feinde von Kaiaphas sind von seinen umherziehenden Banden ber\u00fcchtigter Krimineller des Nachts umgebracht worden. Du musst mir glauben, was ich dir sage, Joshua, ich setze mein eigens Leben aufs Spiel, weil ich warne.<\/span><\/p>\n<p><span style=\"color: #000080;\">Kaiaphas hat uns gesagt, dass du vor vierzehn Jahren schuldig befunden wurdest, den Erzd\u00e4mon Beelzebub in dir zu haben, und du wurdest zum Tode durch Steinigung verurteilt. Damals bist du r\u00e4tselhaft entkommen und hast seither in K\u2019far Nahum gelebt. Jetzt aber kommst du nach Yerushalayim, predigst und forderst den Sanhedrin heraus. Kaiaphas behauptet, du h\u00e4ttest wiederholt \u00f6ffentlich die Pharis\u00e4er und Schriftgelehrten beleidigt und sie zu deinen zornigen Feinden gemacht.<\/span><\/p>\n<p><span style=\"color: #000080;\">Es gibt viele unter uns, die dich lieben, Joshua, so wie ich; doch wer kann es wagen, gegen Kaiaphas zu sein? Du bewegst dich in Yerushalayim frei, du gehst sogar in israelitische Quartiere, du heilst und wirkst Wunder, doch stellt das nicht eine Herausforderung f\u00fcr Kaiaphas dar? Selbstverst\u00e4ndlich wird er es nicht riskieren, seine Vollstrecker anzuweisen, dich am helllichten Tage zu verhaften, weil so viel Israeliten dir nachfolgen. Aber Kaiaphas ist ein listiger Mann und sehr schlau. Er wird einen Weg finden, dich des Nachts zu verhaften und dich augenblicklich vor den Sanhedrin zu bringen, wo du der Verletzung des Mosaischen Gesetzes beschuldigt und zum Tode durch Kreuzigung verurteilt wirst.<\/span><\/p>\n<p><span style=\"color: #000080;\">Am fr\u00fchen Morgen wird er dich vor den r\u00f6mischen Statthalter bringen, um seine Genehmigung f\u00fcr den Entscheid des Sanhedrin zu erwirken. Er wird dem Statthalter sagen, dass der Sanhedrin den Beschluss bereits gefasst hat. Am gleichen Tage wird er dich kreuzigen. Und ich glaube, dass das alles sehr bald geschehen wird. Joshua, ich bef\u00fcrchte, du bist in Lebensgefahr!\u201c<\/span><\/p>\n<p><span style=\"color: #000080;\">W\u00e4hrend dieses ganzen Berichts litt Ephraim so gro\u00dfe Qualen, dass er sie nicht verbergen konnte. Der Gott-Mensch blieb ruhig. Er sagte zu dem Israeliten: <strong>\u201eEhrw\u00fcrdiger Rayis Rabbi Gershom, ich wei\u00df, was du f\u00fchlst. Und ich kenne das Urteil, das der Sanhedrin \u00fcber mich gef\u00e4llt hat. Alles ist so, wie du gesagt hast; Am Tag vor dem Passahfest, w\u00e4hrend ihr alle flei\u00dfig beim Vorbereiten, des unges\u00e4uerten Brotes seid, wird der Sanhedrin mich in der Nacht verhaften lassen. <\/strong><\/span><\/p>\n<p><span style=\"color: #000080;\"><strong>Einer meiner Apostel, der seine eigenen Pl\u00e4ne hat, wird die H\u00e4scher zu mir f\u00fchren. In der gleichen Nacht werde ich \u00fcberf\u00fchrt und zum Tode verurteilt. Fr\u00fch am n\u00e4chsten Tag werden Kaiaphas und die Richter mich vor den r\u00f6mischen Statthalter bringen, und der wird mich zum K\u00f6nig Herodes schicken. Und ehe die Leute erfahren, was geschieht, werden die Urteilsvollstrecker des Sanhedrin unter dem Schutze r\u00f6mischer Soldaten meinen K\u00f6rper kreuzigen. Das alles wird geschehen.\u201c<\/strong><\/span><\/p>\n<p><span style=\"color: #000080;\">(Seite172) Und auf Aram\u00e4isch sagte Joshua: <\/span><span style=\"color: #000080;\"><em>(Handschrift von Daskalos)<\/em><\/span><\/p>\n<p><span style=\"color: #000080;\"><em>Wehe der Welt um der \u00c4rgernisse willen! Wohl m\u00fcssen die \u00c4rgernisse kommen; doch wehe dem Menschen, durch den das \u00c4rgernis kommt (Matth\u00e4us 18:7) <\/em><\/span><\/p>\n<p><span style=\"color: #000080;\"><em>\u00a0<\/em><\/span><span style=\"color: #000080;\"><strong>\u201eRayis Rabbi Gershom\u201c,<\/strong> fuhr Joshua fort,<strong> \u201eich danke dir, dass du heute Abend zu uns gekommen bist. Ich wei\u00df, dass am Tag vor dem Passahfest der Sanhedrin meinen K\u00f6rper t\u00f6ten wird. Ich werde nichts unternehmen, um zu fliehen. F\u00fcr diese Stunde bin ich in die Welt gekommen, zum Beweis, dass der grobstoffliche K\u00f6rper eines Menschen nicht das Geist-Seelen-Ego-Selbst ist. Das ist alles, was ich dir jetzt sagen kann. Du w\u00fcrdest es nicht verstehen.<\/strong><\/span><\/p>\n<p><span style=\"color: #000080;\"><strong>Doch ich kann dir versichern, lieber Rayis Rabbi, dass dein gutes Herz dich retten wird. Ich bitte dich, zu allen Menschen gut zu sein, immer, denn alle Menschen, sogar wenn sie Illusionen haben, sind Kinder Alahas.<\/strong> <strong>Du wirst noch viele Jahre leben, lange genug, um zu sehen, wohin die Blindheit der Sanhedrin f\u00fchrt. Du wirst die Ruinen von Yerushalayim sehen, das Abschlachten der Menge und der Zerfall des Tempels von Salomon.\u201c<\/strong><\/span><\/p>\n<p><span style=\"color: #000080;\">Und der Gott-Mensch sagte auf Aram\u00e4isch: <\/span><span style=\"color: #000080;\">\u00a0 (Handschrift von Daskalos)<\/span><\/p>\n<p><span style=\"color: #000080;\"><em>Selig sind die Sanftm\u00fctigen, denn sie werden die Erde ererben. (Matth\u00e4us 5:5)<\/em><\/span><\/p>\n<p><span style=\"color: #000080;\">Rayis Rabbi Gershom verlie\u00df das Essener Bistum in gro\u00dfer Verwirrung; er war unf\u00e4hig zu erfassen, was der Gott-Mensch meinte, und sein gutes Herz wurde von Schmerz und Trauer gequ\u00e4lt.<\/span><\/p>\n<p><span style=\"color: #000080;\">Nach dem Fr\u00fchst\u00fcck suchte Joshua am n\u00e4chsten Morgen Eliezar, Maria und Maria in Bethania auf. Ephraim begleitete ihn. Sie bewogen die Geschwister, aus Pal\u00e4stina zu fl\u00fcchten. Ephraim w\u00fcrde das N\u00f6tige veranlassen, dass sie zu ihrem Onkel Simeon, dem Bruder ihrer Mutter, gelangen w\u00fcrden. Simeon lebte mit seiner Familie in der Stadt Larnaca auf der Insel Kittim (Zypern). Kittim oder Kopfer war ein Teil des r\u00f6mischen Reiches und lag westlich von Ph\u00f6nizien. Viele Essener, griechisch sprechende Israeliten, wenige andere Israeliten, einige Griechen und einige R\u00f6mer lebten dort in Frieden. Der r\u00f6mische Statthalter der Insel, Quintus Maximilano, war ein weiser und beliebter Herrscher.<\/span><\/p>\n<p><span style=\"color: #000080;\">Noch an diesem Tag reisten Eliezar, Martha und Maria nach Sidon in Ph\u00f6nizien und segelten von dort nach Zypern, wo sie den Rest ihres Lebens als treue und eifrige Christen verbrachten.<\/span><\/p>\n","protected":false},"excerpt":{"rendered":"<p>F\u00fcrchtet euch nicht vor denen, die wohl den Leib t\u00f6ten, aber die Seele nicht t\u00f6ten verm\u00f6gen. (Matth\u00e4us 10:28) Der Sanhedrin war die h\u00f6chste und m\u00e4chtigste religi\u00f6se Beh\u00f6rde der Israeliten in Pal\u00e4stina. Er setzte sich aus drei\u00dfig Rayis Rabbis zusammen. Sie &hellip; <a href=\"https:\/\/www.anikodrozdy.ch\/index.php\/joshua\/29-kapitel-die-verschwoerung-der-sanhedrin\/\">Weiterlesen <span class=\"meta-nav\">&rarr;<\/span><\/a><\/p>\n","protected":false},"author":1,"featured_media":0,"parent":8665,"menu_order":31,"comment_status":"closed","ping_status":"closed","template":"","meta":[],"_links":{"self":[{"href":"https:\/\/www.anikodrozdy.ch\/index.php\/wp-json\/wp\/v2\/pages\/29023"}],"collection":[{"href":"https:\/\/www.anikodrozdy.ch\/index.php\/wp-json\/wp\/v2\/pages"}],"about":[{"href":"https:\/\/www.anikodrozdy.ch\/index.php\/wp-json\/wp\/v2\/types\/page"}],"author":[{"embeddable":true,"href":"https:\/\/www.anikodrozdy.ch\/index.php\/wp-json\/wp\/v2\/users\/1"}],"replies":[{"embeddable":true,"href":"https:\/\/www.anikodrozdy.ch\/index.php\/wp-json\/wp\/v2\/comments?post=29023"}],"version-history":[{"count":3,"href":"https:\/\/www.anikodrozdy.ch\/index.php\/wp-json\/wp\/v2\/pages\/29023\/revisions"}],"predecessor-version":[{"id":29115,"href":"https:\/\/www.anikodrozdy.ch\/index.php\/wp-json\/wp\/v2\/pages\/29023\/revisions\/29115"}],"up":[{"embeddable":true,"href":"https:\/\/www.anikodrozdy.ch\/index.php\/wp-json\/wp\/v2\/pages\/8665"}],"wp:attachment":[{"href":"https:\/\/www.anikodrozdy.ch\/index.php\/wp-json\/wp\/v2\/media?parent=29023"}],"curies":[{"name":"wp","href":"https:\/\/api.w.org\/{rel}","templated":true}]}}